{"id":1034,"date":"2018-05-01T15:06:44","date_gmt":"2018-05-01T13:06:44","guid":{"rendered":"http:\/\/pascalaussi.fr\/?page_id=1034"},"modified":"2022-08-27T10:57:25","modified_gmt":"2022-08-27T08:57:25","slug":"belles-gens","status":"publish","type":"page","link":"https:\/\/pascalaussi.fr\/index.php\/belles-gens\/","title":{"rendered":"Belles gens"},"content":{"rendered":"<p style=\"text-align: left;\">Belles gens, pauvres gens<br \/>Harass\u00e9s, impuissants<br \/>Bandits et passeurs, plus d\u2019argent<br \/>Policiers mena\u00e7ants<br \/>Bandits et passeurs, plus d&rsquo;argent<br \/>Tout est avilissant<\/p>\n<p style=\"text-align: left;\">Belles gens, pauvres gens<br \/>Si lointains, si touchants<br \/>Et combien d\u2019espoirs innocents<br \/>Comme un soleil couchant<br \/>Et combien d&rsquo;espoirs innocents<br \/>Disparus en marchant<\/p>\n<p style=\"text-align: left;\"><em>Partir\u2026<\/em><br \/>Vaches maigres, terre s\u00e9ch\u00e9e<br \/>Enfer tout crach\u00e9<br \/><em>Mourir\u2026<\/em><br \/>Des soldats qui n\u2019ont pas douze ans<br \/>Dangers incessants<br \/><em>Souffrir\u2026<\/em><br \/>Puis la mer au bout de nos pas<br \/>Qu\u2019on ne connait pas<br \/><em>Finir\u2026<\/em><br \/>D\u00e9tenus, trahis, naufrag\u00e9s<br \/>Paradis cach\u00e9<\/p>\n<p style=\"text-align: left;\">Belles gens, pauvres gens<br \/>En guenilles, indigents<br \/>En proie aux regards m\u00e9prisants<br \/>Gibier pour les marchands<br \/>Mais quel dieu pour trouver \u00e7a amusant ?<\/p>\n<p style=\"text-align: left;\">Belles gens, pauvres gens<br \/>Comment faire \u00e0 pr\u00e9sent ?<br \/>La petite larme en passant<br \/>Tous ces corps \u00e0 l&rsquo;\u00e9cran<br \/>La petite larme en passant<br \/>Ce n\u2019est plus suffisant<\/p>\n\n\n<div class=\"wp-block-image\"><figure class=\"aligncenter size-large is-resized\"><img decoding=\"async\" loading=\"lazy\" src=\"https:\/\/pascalaussi.fr\/wp-content\/uploads\/2016\/11\/images-1.png\" alt=\"\" class=\"wp-image-553\" width=\"89\" height=\"94\"\/><\/figure><\/div>\n\n\n\n<p class=\"has-text-align-center\"><em>Paroles et musique : Pascal AUSSI<\/em><\/p>\n","protected":false},"excerpt":{"rendered":"<p>Belles gens, pauvres gensHarass\u00e9s, impuissantsBandits et passeurs, plus d\u2019argentPoliciers mena\u00e7antsBandits et passeurs, plus d&rsquo;argentTout est avilissant Belles gens, pauvres gensSi lointains, si touchantsEt combien d\u2019espoirs innocentsComme un soleil couchantEt combien d&rsquo;espoirs innocentsDisparus en marchant Partir\u2026Vaches maigres, terre s\u00e9ch\u00e9eEnfer tout crach\u00e9Mourir\u2026Des soldats qui n\u2019ont pas douze ansDangers incessantsSouffrir\u2026Puis la mer au bout de nos pasQu\u2019on ne &hellip; <a href=\"https:\/\/pascalaussi.fr\/index.php\/belles-gens\/\" class=\"more-link\">Continuer la lecture de <span class=\"screen-reader-text\">Belles gens<\/span><\/a><\/p>\n","protected":false},"author":2,"featured_media":0,"parent":0,"menu_order":0,"comment_status":"closed","ping_status":"closed","template":"","meta":[],"_links":{"self":[{"href":"https:\/\/pascalaussi.fr\/index.php\/wp-json\/wp\/v2\/pages\/1034"}],"collection":[{"href":"https:\/\/pascalaussi.fr\/index.php\/wp-json\/wp\/v2\/pages"}],"about":[{"href":"https:\/\/pascalaussi.fr\/index.php\/wp-json\/wp\/v2\/types\/page"}],"author":[{"embeddable":true,"href":"https:\/\/pascalaussi.fr\/index.php\/wp-json\/wp\/v2\/users\/2"}],"replies":[{"embeddable":true,"href":"https:\/\/pascalaussi.fr\/index.php\/wp-json\/wp\/v2\/comments?post=1034"}],"version-history":[{"count":6,"href":"https:\/\/pascalaussi.fr\/index.php\/wp-json\/wp\/v2\/pages\/1034\/revisions"}],"predecessor-version":[{"id":2374,"href":"https:\/\/pascalaussi.fr\/index.php\/wp-json\/wp\/v2\/pages\/1034\/revisions\/2374"}],"wp:attachment":[{"href":"https:\/\/pascalaussi.fr\/index.php\/wp-json\/wp\/v2\/media?parent=1034"}],"curies":[{"name":"wp","href":"https:\/\/api.w.org\/{rel}","templated":true}]}}