{"id":1045,"date":"2018-05-01T22:34:31","date_gmt":"2018-05-01T20:34:31","guid":{"rendered":"http:\/\/pascalaussi.fr\/?page_id=1045"},"modified":"2026-03-21T10:38:25","modified_gmt":"2026-03-21T09:38:25","slug":"terre","status":"publish","type":"page","link":"https:\/\/pascalaussi.fr\/index.php\/terre\/","title":{"rendered":"\u00ab Terre! \u00bb"},"content":{"rendered":"\n<p><em>Herv\u00e9 Delaiti. chant et guitare<\/em><br><em>Olivier Delgutte, le reste, et l&rsquo;arrangement, et l&rsquo;enregistrement<\/em><\/p>\n\n\n\n<figure class=\"wp-block-audio\"><audio controls src=\"https:\/\/pascalaussi.fr\/wp-content\/uploads\/2026\/03\/Terre-1.mp3\"><\/audio><\/figure>\n\n\n<p style=\"text-align: center;\"><span style=\"vertical-align: inherit;\"><span style=\"vertical-align: inherit;\">\u00c9vad\u00e9s de cellules <\/span><\/span><br \/><span style=\"vertical-align: inherit;\"><span style=\"vertical-align: inherit;\">Minuscules <\/span><\/span><br \/><span style=\"vertical-align: inherit;\"><span style=\"vertical-align: inherit;\">On a su se bouger <\/span><\/span><br \/><span style=\"vertical-align: inherit;\"><span style=\"vertical-align: inherit;\">S&rsquo;accrocher<br \/><\/span><\/span><span style=\"vertical-align: inherit;\"><span style=\"vertical-align: inherit;\">Formation permanente <\/span><\/span><br \/><span style=\"vertical-align: inherit;\"><span style=\"vertical-align: inherit;\">Longue, lente <\/span><\/span><br \/><span style=\"vertical-align: inherit;\"><span style=\"vertical-align: inherit;\">Jusqu&rsquo;\u00e0 quitter les eaux <\/span><\/span><br \/><span style=\"vertical-align: inherit;\"><span style=\"vertical-align: inherit;\">Le berceau<\/span><\/span><\/p>\n<p style=\"text-align: center;\"><span style=\"vertical-align: inherit;\"><span style=\"vertical-align: inherit;\">\u00ab Terre! <\/span><span style=\"vertical-align: inherit;\">Terre! <\/span><span style=\"vertical-align: inherit;\">\u00bb a cri\u00e9 la vigie <\/span><\/span><br \/><span style=\"vertical-align: inherit;\"><span style=\"vertical-align: inherit;\">D\u00e9couvrons ces plaines et ces monts<\/span><\/span><br \/><span style=\"vertical-align: inherit;\"><span style=\"vertical-align: inherit;\">On n&rsquo;a qu&rsquo;\u00e0 s&rsquo;\u00e9quiper de poumons<br \/><\/span><\/span><span style=\"vertical-align: inherit;\">\u00ab Terre! \u00bb a cri\u00e9 la vigie<\/span><br \/><span style=\"vertical-align: inherit;\"><span style=\"vertical-align: inherit;\">Allez, l\u00e2chons nos branchies<\/span><\/span><\/p>\n<p style=\"text-align: center;\"><span style=\"vertical-align: inherit;\"><span style=\"vertical-align: inherit;\">Je passe les d\u00e9tails <\/span><\/span><br \/><span style=\"vertical-align: inherit;\"><span style=\"vertical-align: inherit;\">Les batailles <\/span><\/span><br \/><span style=\"vertical-align: inherit;\"><span style=\"vertical-align: inherit;\">La cha\u00eene alimentaire? <\/span><\/span><br \/><span style=\"vertical-align: inherit;\"><span style=\"vertical-align: inherit;\">Secondaire!<br \/><\/span><\/span><span style=\"vertical-align: inherit;\"><span style=\"vertical-align: inherit;\">Nous voici, tu permets <\/span><\/span><br \/><span style=\"vertical-align: inherit;\"><span style=\"vertical-align: inherit;\">Au sommet <\/span><\/span><br \/><span style=\"vertical-align: inherit;\"><span style=\"vertical-align: inherit;\">G\u00e9ant aux pieds d&rsquo;argile <\/span><\/span><br \/><span style=\"vertical-align: inherit;\"><span style=\"vertical-align: inherit;\">Si fragile<\/span><\/span><\/p>\n<p style=\"text-align: center;\"><span style=\"vertical-align: inherit;\"><span style=\"vertical-align: inherit;\">\u00ab Terre! <\/span><span style=\"vertical-align: inherit;\">Terre! <\/span><span style=\"vertical-align: inherit;\">\u00bb a cri\u00e9 la vigie <\/span><\/span><br \/><span style=\"vertical-align: inherit;\"><span style=\"vertical-align: inherit;\">Faudrait trouver une autre plan\u00e8te\u00a0<\/span><\/span><br \/><span style=\"vertical-align: inherit;\"><span style=\"vertical-align: inherit;\">On n&rsquo;a qu&rsquo;\u00e0 chercher sur internet<br \/>\u00ab Terre! \u00bb a cri\u00e9 la vigie <\/span><\/span><br \/><span style=\"vertical-align: inherit;\"><span style=\"vertical-align: inherit;\">Si possible aussi jolie<\/span><\/span><\/p>\n<p style=\"text-align: center;\"><em><span style=\"vertical-align: inherit;\"><span style=\"vertical-align: inherit;\">Quand s&rsquo;en vient la saison <\/span><\/span><br \/><\/em><em><span style=\"vertical-align: inherit;\"><span style=\"vertical-align: inherit;\">Tendre et douce <\/span><\/span><br \/><\/em><em><span style=\"vertical-align: inherit;\"><span style=\"vertical-align: inherit;\">O\u00f9 filles et gar\u00e7ons <\/span><\/span><br \/><\/em><em><span style=\"vertical-align: inherit;\"><span style=\"vertical-align: inherit;\">s&rsquo;\u00e9claboussent<br \/><\/span><\/span><\/em><em><span style=\"vertical-align: inherit;\"><span style=\"vertical-align: inherit;\">On accoste, on s&rsquo;arrime et il arrive<\/span><\/span><br \/><\/em><em><span style=\"vertical-align: inherit;\"><span style=\"vertical-align: inherit;\">Qu&rsquo;un youyou se d\u00e9tache de la rive <\/span><\/span><br \/><\/em><em><span style=\"vertical-align: inherit;\"><span style=\"vertical-align: inherit;\">Oc\u00e9an Amniotique <\/span><\/span><br \/><\/em><em><span style=\"vertical-align: inherit;\"><span style=\"vertical-align: inherit;\">La croisi\u00e8re est magique<\/span><\/span><\/em><\/p>\n<p style=\"text-align: center;\"><span style=\"vertical-align: inherit;\"><span style=\"vertical-align: inherit;\">Voguerons-nous en elles<\/span><\/span><br \/><span style=\"vertical-align: inherit;\"><span style=\"vertical-align: inherit;\">\u00c9ternels <\/span><\/span><br \/><span style=\"vertical-align: inherit;\"><span style=\"vertical-align: inherit;\">Non, tout est \u00e9ph\u00e9m\u00e8re\u00a0<\/span><\/span><br \/><span style=\"vertical-align: inherit;\"><span style=\"vertical-align: inherit;\">Et nos m\u00e8res<br \/><\/span><\/span><span style=\"vertical-align: inherit;\"><span style=\"vertical-align: inherit;\">Un beau jour, sans le dire <\/span><\/span><br \/><span style=\"vertical-align: inherit;\"><span style=\"vertical-align: inherit;\">Se retirent<\/span><\/span><br \/><span style=\"vertical-align: inherit;\"><span style=\"vertical-align: inherit;\">Nous laissant sur le sable <\/span><\/span><br \/><span style=\"vertical-align: inherit;\"><span style=\"vertical-align: inherit;\">P\u00e9rissables<\/span><\/span><\/p>\n<p style=\"text-align: center;\"><span style=\"vertical-align: inherit;\"><span style=\"vertical-align: inherit;\">\u00ab Terre! <\/span><span style=\"vertical-align: inherit;\">Terre! <\/span><span style=\"vertical-align: inherit;\">\u00bb a cri\u00e9 la vigie <\/span><\/span><br \/><span style=\"vertical-align: inherit;\"><span style=\"vertical-align: inherit;\">Par chance quelqu&rsquo;un sur le rivage <\/span><\/span><br \/><span style=\"vertical-align: inherit;\"><span style=\"vertical-align: inherit;\">D\u00e9j\u00e0 m&rsquo;accueille, me d\u00e9visage<br \/>\u00ab Terre! \u00bb a cri\u00e9 la vigie <\/span><\/span><br \/><span style=\"vertical-align: inherit;\"><span style=\"vertical-align: inherit;\">M&rsquo;offre couvert et logis<\/span><\/span><\/p>\n<p style=\"text-align: center;\"><span style=\"vertical-align: inherit;\"><span style=\"vertical-align: inherit;\">Notre anc\u00eatre amphibien <\/span><\/span><br \/><span style=\"vertical-align: inherit;\"><span style=\"vertical-align: inherit;\">L&rsquo;air de rien <\/span><\/span><br \/><span style=\"vertical-align: inherit;\"><span style=\"vertical-align: inherit;\">Mutait tout en bullant <\/span><\/span><br \/><span style=\"vertical-align: inherit;\"><span style=\"vertical-align: inherit;\">Dans son banc<br \/><\/span><\/span><span style=\"vertical-align: inherit;\"><span style=\"vertical-align: inherit;\">Nous, de cuite en bouillon <\/span><\/span><br \/><span style=\"vertical-align: inherit;\"><span style=\"vertical-align: inherit;\">Tout couillon <\/span><\/span><br \/><span style=\"vertical-align: inherit;\"><span style=\"vertical-align: inherit;\">Est-ce un nouveau d\u00e9part <\/span><\/span><br \/><span style=\"vertical-align: inherit;\"><span style=\"vertical-align: inherit;\">Qu&rsquo;on pr\u00e9pare?<\/span><\/span><\/p>\n<p style=\"text-align: center;\"><span style=\"vertical-align: inherit;\"><span style=\"vertical-align: inherit;\">Car on rame, on gal\u00e8re <\/span><\/span><br \/><span style=\"vertical-align: inherit;\"><span style=\"vertical-align: inherit;\">La col\u00e8re<\/span><\/span><br \/><span style=\"vertical-align: inherit;\"><span style=\"vertical-align: inherit;\">\u00c0 la vue de ces gens <\/span><\/span><br \/><span style=\"vertical-align: inherit;\"><span style=\"vertical-align: inherit;\">Se noyant<br \/><\/span><\/span><span style=\"vertical-align: inherit;\"><span style=\"vertical-align: inherit;\">D&rsquo;enfants men\u00e9s si t\u00f4t<\/span><\/span><br \/><span style=\"vertical-align: inherit;\"><span style=\"vertical-align: inherit;\">En bateau <\/span><\/span><br \/><span style=\"vertical-align: inherit;\"><span style=\"vertical-align: inherit;\">Et de plages au mois d&rsquo;ao\u00fbt <\/span><\/span><br \/><span style=\"vertical-align: inherit;\"><span style=\"vertical-align: inherit;\">J&rsquo;ai des doutes<\/span><\/span><\/p>\n<p style=\"text-align: center;\"><span style=\"vertical-align: inherit;\"><span style=\"vertical-align: inherit;\">\u00ab Terre! <\/span><span style=\"vertical-align: inherit;\">Terre! <\/span><span style=\"vertical-align: inherit;\">\u00bb a cri\u00e9 la vigie <\/span><\/span><br \/><span style=\"vertical-align: inherit;\"><span style=\"vertical-align: inherit;\">C&rsquo;est un peu de cette histoire enti\u00e8re<\/span><\/span><br \/><span style=\"vertical-align: inherit;\"><span style=\"vertical-align: inherit;\">Qu&rsquo;on peut lire dans les cimeti\u00e8res<br \/>\u00ab Terre! \u00bb a cri\u00e9 la vigie<\/span><\/span><br \/><span style=\"vertical-align: inherit;\"><span style=\"vertical-align: inherit;\">Un nom, deux dates, \u00ab Ici g\u00eet &#8230; \u00bb<\/span><\/span><\/p>\n\n<div class=\"wp-block-image\">\n<figure class=\"aligncenter size-large is-resized\"><img decoding=\"async\" loading=\"lazy\" src=\"https:\/\/pascalaussi.fr\/wp-content\/uploads\/2016\/11\/images-1.png\" alt=\"\" class=\"wp-image-553\" width=\"99\" height=\"105\"\/><\/figure><\/div>\n\n\n<p class=\"has-text-align-center\"><em>Paroles : Pascal Aussi<\/em><br><em>Musique : Olivier Delgutte<\/em><\/p>\n","protected":false},"excerpt":{"rendered":"<p>Herv\u00e9 Delaiti. chant et guitareOlivier Delgutte, le reste, et l&rsquo;arrangement, et l&rsquo;enregistrement \u00c9vad\u00e9s de cellules Minuscules On a su se bouger S&rsquo;accrocherFormation permanente Longue, lente Jusqu&rsquo;\u00e0 quitter les eaux Le berceau \u00ab Terre! Terre! \u00bb a cri\u00e9 la vigie D\u00e9couvrons ces plaines et ces montsOn n&rsquo;a qu&rsquo;\u00e0 s&rsquo;\u00e9quiper de poumons\u00ab Terre! \u00bb a cri\u00e9 la &hellip; <a href=\"https:\/\/pascalaussi.fr\/index.php\/terre\/\" class=\"more-link\">Continuer la lecture de <span class=\"screen-reader-text\">\u00ab Terre! \u00bb<\/span><\/a><\/p>\n","protected":false},"author":2,"featured_media":0,"parent":0,"menu_order":0,"comment_status":"closed","ping_status":"closed","template":"","meta":[],"_links":{"self":[{"href":"https:\/\/pascalaussi.fr\/index.php\/wp-json\/wp\/v2\/pages\/1045"}],"collection":[{"href":"https:\/\/pascalaussi.fr\/index.php\/wp-json\/wp\/v2\/pages"}],"about":[{"href":"https:\/\/pascalaussi.fr\/index.php\/wp-json\/wp\/v2\/types\/page"}],"author":[{"embeddable":true,"href":"https:\/\/pascalaussi.fr\/index.php\/wp-json\/wp\/v2\/users\/2"}],"replies":[{"embeddable":true,"href":"https:\/\/pascalaussi.fr\/index.php\/wp-json\/wp\/v2\/comments?post=1045"}],"version-history":[{"count":17,"href":"https:\/\/pascalaussi.fr\/index.php\/wp-json\/wp\/v2\/pages\/1045\/revisions"}],"predecessor-version":[{"id":5198,"href":"https:\/\/pascalaussi.fr\/index.php\/wp-json\/wp\/v2\/pages\/1045\/revisions\/5198"}],"wp:attachment":[{"href":"https:\/\/pascalaussi.fr\/index.php\/wp-json\/wp\/v2\/media?parent=1045"}],"curies":[{"name":"wp","href":"https:\/\/api.w.org\/{rel}","templated":true}]}}