{"id":1676,"date":"2020-02-25T09:05:37","date_gmt":"2020-02-25T08:05:37","guid":{"rendered":"http:\/\/pascalaussi.fr\/?page_id=1676"},"modified":"2025-11-21T19:17:34","modified_gmt":"2025-11-21T18:17:34","slug":"le-vicaire-aux-champs","status":"publish","type":"page","link":"https:\/\/pascalaussi.fr\/index.php\/le-vicaire-aux-champs\/","title":{"rendered":"Le vicaire aux champs"},"content":{"rendered":"\n<figure class=\"wp-block-audio\"><audio controls src=\"https:\/\/pascalaussi.fr\/wp-content\/uploads\/2023\/06\/Le-vicaire-aux-champs.mp3\"><\/audio><\/figure>\n\n\n\n<p class=\"has-text-align-center\">Un \u00e9cologiste avant l\u2019heure<br>On pourrait en parler ainsi<br>Qui vibre, pleure<br>Et s\u2019extasie<\/p>\n\n\n\n<p class=\"has-text-align-center\">De la beaut\u00e9 de toute chose<br>Couvant d\u2019un m\u00eame regard doux<br>La vie, les roses<br>Et tout, et tout<br><br>De lui nul n\u2019avait \u00e0 se plaindre<br>Pas m\u00eame les enfants de ch\u0153ur<br>Seuls les cylindres<br>\u00c0 la rigueur<\/p>\n\n\n\n<p class=\"has-text-align-center\">Et sans doute un peu l\u2019embray-a\u00efe<br>De sa 2-chevaux d\u2019antiquaire<br>Car o\u00f9 qu\u2019il aille<br>\u00ab\u00a0Tiens\u00a0! Le vicaire \u00bb<\/p>\n\n\n\n<p class=\"has-text-align-center\">Aussit\u00f4t pli\u00e9 son \u00e9tole<br>Et ses habits sacerdotaux<br>Il court, il vole<br>\u00c0 son auto<\/p>\n\n\n\n<p class=\"has-text-align-center\">Et roule au sortir de grand-messe<br>&#8211; Le pain, le vin, le saucisson &#8211;<br>Vers les promesses<br>De la saison<\/p>\n\n\n\n<p class=\"has-text-align-center\">Mais d\u00e9j\u00e0 le premier village<br>O\u00f9 d\u2019admirer il prend le temps<br>Le beau feuillage<br>Bordant l\u2019\u00e9tang<\/p>\n\n\n\n<p class=\"has-text-align-center\">Vu qu\u2019au train o\u00f9 \u00e7a se prom\u00e8ne<br>Il peut m\u00eame compter les joncs<br>Chaque semaine<br>Y a un bouchon<\/p>\n\n\n\n<p class=\"has-text-align-center\">\u00ab\u00a0<em>Plut\u00f4t qu\u2019\u00e0 r\u00eavasser, tranquilles<br>Regardant les poissons nager\u2026<br>Que nous faut-il<br>Les arracher<\/em><\/p>\n\n\n\n<p class=\"has-text-align-center\"><em>Tout ignominieux que nous sommes<br>\u00c0 leur paradis de fra\u00eecheur<br>Dieu, que les hommes<br>Sont donc p\u00eacheurs<\/em><\/p>\n\n\n\n<p class=\"has-text-align-center\"><em>Pour razzier autant la nature<br>Sans voir dans la ros\u00e9e qui luit<br>La signature<br>\u00d4 ! De Celui<\/em><\/p>\n\n\n\n<p class=\"has-text-align-center\"><em>Dont le g\u00e9nie de l\u2019aquarelle<br>Et la science de ciseleur<br>A su si belles<br>Faire les fleurs\u00a0\u00bb<\/em><\/p>\n\n\n\n<p class=\"has-text-align-center\">Mais pour peu, finies les suaves<br>Merveilles de la cr\u00e9ation<br>Qu\u2019il s\u2019aper\u00e7oive<br>Dans un buisson<\/p>\n\n\n\n<p class=\"has-text-align-center\">Que ce qu\u2019il a dans l\u2019\u00e9quipage<br>Oubli\u00e9 ce n\u2019est pas le sel&#8230;<br>Il prend des pages<br>De son missel<\/p>\n\n\n<div class=\"wp-block-image\">\n<figure class=\"aligncenter size-large is-resized\"><img decoding=\"async\" loading=\"lazy\" src=\"https:\/\/pascalaussi.fr\/wp-content\/uploads\/2016\/11\/images-1.png\" alt=\"\" class=\"wp-image-553\" width=\"79\" height=\"84\"\/><\/figure><\/div>\n\n\n<p class=\"has-text-align-center\"><em>Paroles : Pascal AUSSI<\/em><br><em>Musique : Olivier DELGUTTE<\/em><\/p>\n","protected":false},"excerpt":{"rendered":"<p>Un \u00e9cologiste avant l\u2019heureOn pourrait en parler ainsiQui vibre, pleureEt s\u2019extasie De la beaut\u00e9 de toute choseCouvant d\u2019un m\u00eame regard douxLa vie, les rosesEt tout, et tout De lui nul n\u2019avait \u00e0 se plaindrePas m\u00eame les enfants de ch\u0153urSeuls les cylindres\u00c0 la rigueur Et sans doute un peu l\u2019embray-a\u00efeDe sa 2-chevaux d\u2019antiquaireCar o\u00f9 qu\u2019il aille\u00ab\u00a0Tiens\u00a0! &hellip; <a href=\"https:\/\/pascalaussi.fr\/index.php\/le-vicaire-aux-champs\/\" class=\"more-link\">Continuer la lecture de <span class=\"screen-reader-text\">Le vicaire aux champs<\/span><\/a><\/p>\n","protected":false},"author":2,"featured_media":0,"parent":0,"menu_order":0,"comment_status":"closed","ping_status":"closed","template":"","meta":[],"_links":{"self":[{"href":"https:\/\/pascalaussi.fr\/index.php\/wp-json\/wp\/v2\/pages\/1676"}],"collection":[{"href":"https:\/\/pascalaussi.fr\/index.php\/wp-json\/wp\/v2\/pages"}],"about":[{"href":"https:\/\/pascalaussi.fr\/index.php\/wp-json\/wp\/v2\/types\/page"}],"author":[{"embeddable":true,"href":"https:\/\/pascalaussi.fr\/index.php\/wp-json\/wp\/v2\/users\/2"}],"replies":[{"embeddable":true,"href":"https:\/\/pascalaussi.fr\/index.php\/wp-json\/wp\/v2\/comments?post=1676"}],"version-history":[{"count":9,"href":"https:\/\/pascalaussi.fr\/index.php\/wp-json\/wp\/v2\/pages\/1676\/revisions"}],"predecessor-version":[{"id":3917,"href":"https:\/\/pascalaussi.fr\/index.php\/wp-json\/wp\/v2\/pages\/1676\/revisions\/3917"}],"wp:attachment":[{"href":"https:\/\/pascalaussi.fr\/index.php\/wp-json\/wp\/v2\/media?parent=1676"}],"curies":[{"name":"wp","href":"https:\/\/api.w.org\/{rel}","templated":true}]}}