{"id":184,"date":"2016-11-26T00:47:22","date_gmt":"2016-11-25T23:47:22","guid":{"rendered":"http:\/\/pascalaussi.fr\/?page_id=184"},"modified":"2020-11-23T08:23:51","modified_gmt":"2020-11-23T07:23:51","slug":"vu-des-coulisses-le-metier","status":"publish","type":"page","link":"https:\/\/pascalaussi.fr\/index.php\/vu-des-coulisses-le-metier\/","title":{"rendered":"Vu des coulisses : le m\u00e9tier"},"content":{"rendered":"<p style=\"text-align: center;\"><img decoding=\"async\" loading=\"lazy\" class=\"alignnone size-medium wp-image-188 aligncenter\" src=\"https:\/\/pascalaussi.fr\/wp-content\/uploads\/2016\/11\/jouer-le-je-245x300.jpg\" alt=\"jouer-le-je\" width=\"245\" height=\"300\" \/><\/p>\n<p style=\"text-align: left;\">Que ce soit en litt\u00e9rature ou dans une chanson, j&rsquo;ai toujours aim\u00e9 quand l&rsquo;auteur se rappelle \u00e0 nous, tel un marionnettiste qui se laisserait apercevoir. Alors, assez inconsciemment, m\u00eame si stricto sensu je n&rsquo;ai \u00e9crit qu&rsquo;une chanson sur ce m\u00e9tier de rimailleur de refrain et tourneur de ritournelle, <strong>La caisse et la post\u00e9rit\u00e9<\/strong>, j&rsquo;ai souvent laiss\u00e9 pointer \u00e0 des endroits o\u00f9 ce n&rsquo;\u00e9tait pas directement le sujet soit des personnages qui ont souci d&rsquo;\u00e9crire ou de chanter, soit des situations o\u00f9 une guitare par exemple traine naturellement dans le d\u00e9cor.<\/p>\n<p style=\"text-align: left;\">Oh, la guitare ! Que mieux dire d&rsquo;elle qu&rsquo;elle m&rsquo;accompagne. Pour la composition bien s\u00fbr, et les guitaristes souvent reconnaissent les chansons \u00e9crites \u00e0 la guitare. Mais aussi dans les paroles, et gr\u00e2ce \u00e0 la technologie qui permet d&rsquo;un clic de conna\u00eetre l&#8217;emplacement et la fr\u00e9quence de chacun des mots qu&rsquo;on emploie, je sais qu&rsquo;elle est l&rsquo;objet que j&rsquo;ai le plus cit\u00e9 &#8211; six fois &#8211; dans mes chansons.<\/p>\n<p style=\"text-align: left;\"><img decoding=\"async\" loading=\"lazy\" class=\" wp-image-206 alignright\" src=\"https:\/\/pascalaussi.fr\/wp-content\/uploads\/2016\/11\/c3a0-laccordage-300x129.jpg\" alt=\"c3a0-laccordage\" width=\"260\" height=\"112\" srcset=\"https:\/\/pascalaussi.fr\/wp-content\/uploads\/2016\/11\/c3a0-laccordage-300x129.jpg 300w, https:\/\/pascalaussi.fr\/wp-content\/uploads\/2016\/11\/c3a0-laccordage.jpg 480w\" sizes=\"(max-width: 260px) 100vw, 260px\" \/><\/p>\n<p style=\"text-align: left;\">Voyez <strong>La patience, <\/strong>o\u00f9 apr\u00e8s le tourment du pass\u00e9 et la peur du pr\u00e9sent, c&rsquo;est sans doute une promesse d&rsquo;\u00e0 venir que pointe le doigt du guitariste.<br \/>\nOn a l&rsquo;adolescent de retour de plage \u00e0 <strong>Kerlou<\/strong>, le jeune papa avec \u00ab\u00a0dans <em>sa<\/em> guitare\u00a0\u00bb une <strong>chanson pour plus tard<\/strong>, le chagrin\u00e9 de <strong>J&rsquo;ai peine perdue <\/strong>ressaisissant plume et guitare, plume et guitare encore pour l&rsquo;exil\u00e9 revenu de tout apr\u00e8s <strong>deux mille kilom\u00e8tres \u00e0 tout casser<\/strong>, enfin l&rsquo;enfant au dernier vers de la\u00a0<strong>Longue \u00e9chapp\u00e9e.<\/strong><\/p>\n<p style=\"text-align: left;\">Et douze fois le mot chanson : pain quotidien dans <strong>La caisse et la post\u00e9rit\u00e9<\/strong>, telle un Graal dans <strong>La patience<\/strong>, ou en attente <strong>pour plus tard<\/strong>, elle est discr\u00e8te envie chez la future maman dans <strong>Transat<\/strong>, coup de menton dans<strong> J&rsquo;ai peine perdue<\/strong>, prise en exemple dans <strong>Wassingue<\/strong>, mise en abime dans <strong>L&rsquo;oeil de la nuit<\/strong>,\u00a0elle fait image dans <strong>Son cours<\/strong>, se chantonne \u00e0 <strong>Kerlou<\/strong>, manque cruellement dans <strong>Le coeur comme un volet qui bat<\/strong>, on l&rsquo;entend au loin dans <strong>Est-ce partir? <\/strong>et elle fait le compte au final de <strong>Zone inondable.<\/strong><\/p>\n<p style=\"text-align: left;\"><img decoding=\"async\" loading=\"lazy\" class=\"wp-image-224 alignleft\" src=\"https:\/\/pascalaussi.fr\/wp-content\/uploads\/2016\/11\/pour-un-soir-226x300.jpg\" alt=\"pour-un-soir\" width=\"211\" height=\"280\" srcset=\"https:\/\/pascalaussi.fr\/wp-content\/uploads\/2016\/11\/pour-un-soir-226x300.jpg 226w, https:\/\/pascalaussi.fr\/wp-content\/uploads\/2016\/11\/pour-un-soir.jpg 632w\" sizes=\"(max-width: 211px) 100vw, 211px\" \/>\u00ab\u00a0Et c&rsquo;est un si beau chant\u00a0\u00bb, qui d\u00e9livre et qu&rsquo;on lib\u00e8re, \u00ab\u00a0oiseau quittant sa cage\u00a0\u00bb <strong>(Pour un soir<\/strong>)<br \/>\nEnfin loin des mots, je voudrais pour finir attirer votre attention sur le personnage quasi invisible, au moins sans visage, de <strong>Berceuse, peut-\u00eatre, <\/strong>qui\u00a0trouvera sa\u00a0lumi\u00e8re gr\u00e2ce \u00e0 un chant profond, comme une boite \u00e0 musique qu&rsquo;il aurait en lui &#8230;<\/p>\n","protected":false},"excerpt":{"rendered":"<p>Que ce soit en litt\u00e9rature ou dans une chanson, j&rsquo;ai toujours aim\u00e9 quand l&rsquo;auteur se rappelle \u00e0 nous, tel un marionnettiste qui se laisserait apercevoir. Alors, assez inconsciemment, m\u00eame si stricto sensu je n&rsquo;ai \u00e9crit qu&rsquo;une chanson sur ce m\u00e9tier de rimailleur de refrain et tourneur de ritournelle, La caisse et la post\u00e9rit\u00e9, j&rsquo;ai souvent &hellip; <a href=\"https:\/\/pascalaussi.fr\/index.php\/vu-des-coulisses-le-metier\/\" class=\"more-link\">Continuer la lecture de <span class=\"screen-reader-text\">Vu des coulisses : le m\u00e9tier<\/span><\/a><\/p>\n","protected":false},"author":2,"featured_media":0,"parent":0,"menu_order":0,"comment_status":"closed","ping_status":"closed","template":"","meta":[],"_links":{"self":[{"href":"https:\/\/pascalaussi.fr\/index.php\/wp-json\/wp\/v2\/pages\/184"}],"collection":[{"href":"https:\/\/pascalaussi.fr\/index.php\/wp-json\/wp\/v2\/pages"}],"about":[{"href":"https:\/\/pascalaussi.fr\/index.php\/wp-json\/wp\/v2\/types\/page"}],"author":[{"embeddable":true,"href":"https:\/\/pascalaussi.fr\/index.php\/wp-json\/wp\/v2\/users\/2"}],"replies":[{"embeddable":true,"href":"https:\/\/pascalaussi.fr\/index.php\/wp-json\/wp\/v2\/comments?post=184"}],"version-history":[{"count":93,"href":"https:\/\/pascalaussi.fr\/index.php\/wp-json\/wp\/v2\/pages\/184\/revisions"}],"predecessor-version":[{"id":2229,"href":"https:\/\/pascalaussi.fr\/index.php\/wp-json\/wp\/v2\/pages\/184\/revisions\/2229"}],"wp:attachment":[{"href":"https:\/\/pascalaussi.fr\/index.php\/wp-json\/wp\/v2\/media?parent=184"}],"curies":[{"name":"wp","href":"https:\/\/api.w.org\/{rel}","templated":true}]}}