{"id":2593,"date":"2023-06-18T18:07:22","date_gmt":"2023-06-18T16:07:22","guid":{"rendered":"https:\/\/pascalaussi.fr\/?page_id=2593"},"modified":"2025-12-12T10:54:39","modified_gmt":"2025-12-12T09:54:39","slug":"on-est-tout-seul-le-monde-est-nu","status":"publish","type":"page","link":"https:\/\/pascalaussi.fr\/index.php\/on-est-tout-seul-le-monde-est-nu\/","title":{"rendered":"On est tout seul, le monde est nu"},"content":{"rendered":"\n<p class=\"has-text-align-center\" style=\"font-size:16px\">On est tout seul, le monde est nu<br>Tu m\u2019as admir\u00e9 trop longtemps<br>Il aurait suffi d&rsquo;un printemps<br>Et l\u2019amour te serait venu<br><br>Ou peut-\u00eatre l\u2019as-tu connu<br>Tu l\u2019auras trouv\u00e9 d\u00e9cevant<br>On est tout seul, le monde est nu<br>Mon enfant<\/p>\n\n\n\n<p class=\"has-text-align-center\" style=\"font-size:16px\">En quoi est-ce si difficile<br>Les choses, on les prend comme elles sont<br>\u00c9tats d\u2019\u00e2me, opinions, tout \u00e7a est d\u2019un fragile<br>Qui ne tient que dans les films\u2026 les livres\u2026 les chansons\u2026<\/p>\n\n\n\n<p class=\"has-text-align-center\" style=\"font-size:16px\">On est tout seul, le monde est froid<br>Et je reste \u00e0 me demander<br>Comment t\u2019est venue cette id\u00e9e<br>De t\u2019engager ainsi tout droit<br><br>Sur un chemin aussi \u00e9troit<br>Dont tu n\u2019avais rien dit avant<br>On est tout seul, le monde est froid<br>Mon enfant<\/p>\n\n\n\n<p class=\"has-text-align-center\" style=\"font-size:16px\">Oui, ce monde est comme il est<br>Je le trouvais beau<br>Tu le trouvais laid<br>Au point d\u2019y laisser ta peau<\/p>\n\n\n\n<p class=\"has-text-align-center\" style=\"font-size:16px\">On est tout seul, le monde est vain<br>Un bon vieux bonheur &#8211; c&rsquo;est prouv\u00e9 &#8211;<br>Qu&rsquo;y a-t-il de mieux \u00e0 r\u00eaver<br>Quand on a les cheveux si fins<br><br>Et d\u2019\u00e2ge \u00e0 peine pass\u00e9 vingt<br>Mais tu te voulais plus fervent<br>On est tout seul, le monde est vain<br>Mon enfant<br><br>Nos vies, il n&rsquo;en reste \u00e0 la fin<br>Que du vent<\/p>\n\n\n<div class=\"wp-block-image\">\n<figure class=\"aligncenter size-large is-resized\"><img decoding=\"async\" loading=\"lazy\" src=\"https:\/\/pascalaussi.fr\/wp-content\/uploads\/2016\/11\/images-1.png\" alt=\"\" class=\"wp-image-553\" width=\"71\" height=\"75\"\/><\/figure><\/div>\n\n\n<p class=\"has-text-align-center\"><em>Paroles : Pascal AUSSI<\/em><\/p>\n","protected":false},"excerpt":{"rendered":"<p>On est tout seul, le monde est nuTu m\u2019as admir\u00e9 trop longtempsIl aurait suffi d&rsquo;un printempsEt l\u2019amour te serait venu Ou peut-\u00eatre l\u2019as-tu connuTu l\u2019auras trouv\u00e9 d\u00e9cevantOn est tout seul, le monde est nuMon enfant En quoi est-ce si difficileLes choses, on les prend comme elles sont\u00c9tats d\u2019\u00e2me, opinions, tout \u00e7a est d\u2019un fragileQui ne &hellip; <a href=\"https:\/\/pascalaussi.fr\/index.php\/on-est-tout-seul-le-monde-est-nu\/\" class=\"more-link\">Continuer la lecture de <span class=\"screen-reader-text\">On est tout seul, le monde est nu<\/span><\/a><\/p>\n","protected":false},"author":2,"featured_media":0,"parent":0,"menu_order":0,"comment_status":"closed","ping_status":"closed","template":"","meta":[],"_links":{"self":[{"href":"https:\/\/pascalaussi.fr\/index.php\/wp-json\/wp\/v2\/pages\/2593"}],"collection":[{"href":"https:\/\/pascalaussi.fr\/index.php\/wp-json\/wp\/v2\/pages"}],"about":[{"href":"https:\/\/pascalaussi.fr\/index.php\/wp-json\/wp\/v2\/types\/page"}],"author":[{"embeddable":true,"href":"https:\/\/pascalaussi.fr\/index.php\/wp-json\/wp\/v2\/users\/2"}],"replies":[{"embeddable":true,"href":"https:\/\/pascalaussi.fr\/index.php\/wp-json\/wp\/v2\/comments?post=2593"}],"version-history":[{"count":23,"href":"https:\/\/pascalaussi.fr\/index.php\/wp-json\/wp\/v2\/pages\/2593\/revisions"}],"predecessor-version":[{"id":4856,"href":"https:\/\/pascalaussi.fr\/index.php\/wp-json\/wp\/v2\/pages\/2593\/revisions\/4856"}],"wp:attachment":[{"href":"https:\/\/pascalaussi.fr\/index.php\/wp-json\/wp\/v2\/media?parent=2593"}],"curies":[{"name":"wp","href":"https:\/\/api.w.org\/{rel}","templated":true}]}}

<p class="has-text-align-center" style="font-size:16px">On est tout seul, le monde est nu<br>Tu m’as admiré trop longtemps<br>Il aurait suffi d&rsquo;un printemps<br>Et l’amour te serait venu<br><br>Ou peut-être l’as-tu connu<br>Tu l’auras trouvé décevant<br>On est tout seul, le monde est nu<br>Mon enfant</p>



<p class="has-text-align-center" style="font-size:16px">En quoi est-ce si difficile<br>Les choses, on les prend comme elles sont<br>États d’âme, opinions, tout ça est d’un fragile<br>Qui ne tient que dans les films… les livres… les chansons…</p>



<p class="has-text-align-center" style="font-size:16px">On est tout seul, le monde est froid<br>Et je reste à me demander<br>Comment t’est venue cette idée<br>De t’engager ainsi tout droit<br><br>Sur un chemin aussi étroit<br>Dont tu n’avais rien dit avant<br>On est tout seul, le monde est froid<br>Mon enfant</p>



<p class="has-text-align-center" style="font-size:16px">Oui, ce monde est comme il est<br>Je le trouvais beau<br>Tu le trouvais laid<br>Au point d’y laisser ta peau</p>



<p class="has-text-align-center" style="font-size:16px">On est tout seul, le monde est vain<br>Un bon vieux bonheur &#8211; c&rsquo;est prouvé &#8211;<br>Qu&rsquo;y a-t-il de mieux à rêver<br>Quand on a les cheveux si fins<br><br>Et d’âge à peine passé vingt<br>Mais tu te voulais plus fervent<br>On est tout seul, le monde est vain<br>Mon enfant<br><br>Nos vies, il n&rsquo;en reste à la fin<br>Que du vent</p>


<div class="wp-block-image">
<figure class="aligncenter size-large is-resized"><img decoding="async" loading="lazy" src="https://pascalaussi.fr/wp-content/uploads/2016/11/images-1.png" alt="" class="wp-image-553" width="71" height="75"/></figure></div>


<p class="has-text-align-center"><em>Paroles : Pascal AUSSI</em></p>

<p>On est tout seul, le monde est nuTu m’as admiré trop longtempsIl aurait suffi d&rsquo;un printempsEt l’amour te serait venu Ou peut-être l’as-tu connuTu l’auras trouvé décevantOn est tout seul, le monde est nuMon enfant En quoi est-ce si difficileLes choses, on les prend comme elles sontÉtats d’âme, opinions, tout ça est d’un fragileQui ne &hellip; <a href="https://pascalaussi.fr/index.php/on-est-tout-seul-le-monde-est-nu/" class="more-link">Continuer la lecture de <span class="screen-reader-text">On est tout seul, le monde est nu</span></a></p>
