{"id":2744,"date":"2023-06-19T20:47:58","date_gmt":"2023-06-19T18:47:58","guid":{"rendered":"https:\/\/pascalaussi.fr\/?page_id=2744"},"modified":"2024-09-29T17:02:40","modified_gmt":"2024-09-29T15:02:40","slug":"limage","status":"publish","type":"page","link":"https:\/\/pascalaussi.fr\/index.php\/limage\/","title":{"rendered":"l&rsquo;image"},"content":{"rendered":"\n<p class=\"has-text-align-center has-medium-font-size\">Benoit FURET, calligraphe<\/p>\n\n\n<p style=\"text-align: left;\"><span style=\"vertical-align: inherit;\"><span style=\"vertical-align: inherit;\"><span style=\"vertical-align: inherit;\"><span style=\"vertical-align: inherit;\"><span style=\"vertical-align: inherit;\"><span style=\"vertical-align: inherit;\"><span style=\"vertical-align: inherit;\"><span style=\"vertical-align: inherit;\">&nbsp; &nbsp; &nbsp; &nbsp; &nbsp; &nbsp; &nbsp; Benoit Furet est un grand artiste, et je ne parle pas l\u00e0 de son <br>&nbsp; &nbsp; &nbsp; &nbsp; &nbsp;impressionnante carrure ou de sa hauteur au garrot, mais de la <br>&nbsp; &nbsp; &nbsp; &nbsp; &nbsp;d\u00e9licatesse de son trait et de la pr\u00e9cision de ses trouvailles. Il est <br>&nbsp; &nbsp; &nbsp; &nbsp; &nbsp;capable \u00e0 la fois de faire preuve d&rsquo;un quasiment complet savoir <br>&nbsp; &nbsp; &nbsp; &nbsp; &nbsp;historique<\/span><\/span><\/span><\/span><\/span><\/span><\/span><span style=\"vertical-align: inherit;\"><span style=\"vertical-align: inherit;\"><span style=\"vertical-align: inherit;\"><span style=\"vertical-align: inherit;\"><span style=\"vertical-align: inherit;\"><span style=\"vertical-align: inherit;\"><span style=\"vertical-align: inherit;\"> et de l&rsquo;envie gamine d&rsquo;essayer autre chose&#8230;<\/span><\/span><\/span><\/span><\/span><\/span><\/span><\/span><!--more--><\/p>\n<p><img decoding=\"async\" loading=\"lazy\" class=\"alignnone wp-image-31 aligncenter\" src=\"https:\/\/pascalaussi.fr\/wp-content\/uploads\/2016\/11\/02-Petite-souris-mp3-image-300x293.jpg\" alt=\"\" width=\"302\" height=\"295\" srcset=\"https:\/\/pascalaussi.fr\/wp-content\/uploads\/2016\/11\/02-Petite-souris-mp3-image-300x293.jpg 300w, https:\/\/pascalaussi.fr\/wp-content\/uploads\/2016\/11\/02-Petite-souris-mp3-image-768x751.jpg 768w, https:\/\/pascalaussi.fr\/wp-content\/uploads\/2016\/11\/02-Petite-souris-mp3-image-700x685.jpg 700w, https:\/\/pascalaussi.fr\/wp-content\/uploads\/2016\/11\/02-Petite-souris-mp3-image.jpg 1143w\" sizes=\"(max-width: 302px) 100vw, 302px\" \/><\/p>\n\n\n<p>                 Pour les curieux, ce style d\u2019\u00e9criture est la Neuland, mais avec les <br>                 variations et extrapolations de notre incorrigible artiste,\u00a0on est <br>                 d\u00e9j\u00e0 loin du mod\u00e8le historique cr\u00e9\u00e9 par Rudolf Koch au d\u00e9but <br>                 du vingti\u00e8me si\u00e8cle. <\/p>\n\n\n\n<p><\/p>\n\n\n\n<p class=\"has-text-align-center has-medium-font-size\">Christine AGNEESSENS, photographe<\/p>\n\n\n\n<p>      Saisir l\u2019instant, montrer le geste, r\u00e9v\u00e9ler la mati\u00e8re, admirer la couleur, <br>      le graphisme des choses, qu\u2019elles soient de la nature ou de la main <br>      de l\u2019homme. Christine Agneessens se plait \u00e0 citer Robert Capa <br>      \u00ab&nbsp;Les photos sont l\u00e0, et tu n\u2019as qu\u2019\u00e0 les prendre&nbsp;\u00bb. <\/p>\n\n\n<div class=\"wp-block-image\">\n<figure class=\"aligncenter size-large is-resized\"><img decoding=\"async\" loading=\"lazy\" src=\"https:\/\/pascalaussi.fr\/wp-content\/uploads\/2020\/05\/Guillaume-cello-700x1050.jpg\" alt=\"\" class=\"wp-image-1914\" width=\"278\" height=\"416\" srcset=\"https:\/\/pascalaussi.fr\/wp-content\/uploads\/2020\/05\/Guillaume-cello-700x1050.jpg 700w, https:\/\/pascalaussi.fr\/wp-content\/uploads\/2020\/05\/Guillaume-cello-200x300.jpg 200w, https:\/\/pascalaussi.fr\/wp-content\/uploads\/2020\/05\/Guillaume-cello-768x1152.jpg 768w, https:\/\/pascalaussi.fr\/wp-content\/uploads\/2020\/05\/Guillaume-cello.jpg 853w\" sizes=\"(max-width: 278px) 100vw, 278px\" \/><\/figure><\/div>\n\n\n<p class=\"has-text-align-left\">Ainsi, un m\u00eame soir en sc\u00e8ne, le portrait de Tony au verso du livret, et nous trois &#8211; Guillaume Chosson, violoncelle, Tony Baker \u00e0 son piano, et moi debout, chantant &#8211; silhouettes que plus tard et pour la bonne cause, Gildas mettra en plein ciel.<\/p>\n\n\n\n<p><\/p>\n\n\n\n<p class=\"has-text-align-center has-medium-font-size\">Gildas BITOUT, photographe et graphiste<\/p>\n\n\n\n<p>Gildas Bitout est surprenant. Il vous emm\u00e8ne un matin sur une plage <br>parce qu&rsquo;il faut que ce soit l\u00e0 et \u00e0 cette heure-ci, et fait de vous des <br>photos o\u00f9 vous serez au final plus vrai et plus complet que s&rsquo;il <br>vous avait pris en portrait. <\/p>\n\n\n\n<figure class=\"wp-block-gallery aligncenter has-nested-images columns-default is-cropped wp-block-gallery-1 is-layout-flex\">\n<figure class=\"wp-block-image size-large\"><img decoding=\"async\" loading=\"lazy\" width=\"150\" height=\"212\" data-id=\"1392\"  src=\"https:\/\/pascalaussi.fr\/wp-content\/uploads\/2020\/02\/PascalGildas.jpg\" alt=\"\" class=\"wp-image-1392\"\/><\/figure>\n<\/figure>\n\n\n\n<p class=\"has-text-align-center has-medium-font-size\">Antoine ALBRESPY, prince sans rire<\/p>\n\n\n\n<p>      Antoine Albrespy me fait penser \u00e0 ce titre de Cioran \u00ab&nbsp;<em>De l\u2019inconv\u00e9nient d\u2019\u00eatre n\u00e9&nbsp;<\/em>\u00bb. Il s\u2019inqui\u00e8te de l\u2019\u00e9tat du monde, s\u2019\u00e9tonne de la mentalit\u00e9 de nombre de ses contemporains, h\u00e9site entre rires et larmes quant aux instructions de son employeur. Antoine se lamente mais ne d\u00e9sesp\u00e8re pas. Il observe, voyage, fait du v\u00e9lo, du kayak, de la photographie\u2026 Il devine l\u2019harmonie des choses, approche la beaut\u00e9, il a l\u2019\u0153il\u2026 <\/p>\n\n\n\n<figure class=\"wp-block-image size-large\"><img decoding=\"async\" loading=\"lazy\" width=\"700\" height=\"465\" src=\"https:\/\/pascalaussi.fr\/wp-content\/uploads\/2020\/01\/image-700x465.png\" alt=\"\" class=\"wp-image-1118\" srcset=\"https:\/\/pascalaussi.fr\/wp-content\/uploads\/2020\/01\/image-700x465.png 700w, https:\/\/pascalaussi.fr\/wp-content\/uploads\/2020\/01\/image-300x199.png 300w, https:\/\/pascalaussi.fr\/wp-content\/uploads\/2020\/01\/image-768x511.png 768w, https:\/\/pascalaussi.fr\/wp-content\/uploads\/2020\/01\/image-1536x1021.png 1536w, https:\/\/pascalaussi.fr\/wp-content\/uploads\/2020\/01\/image-2048x1362.png 2048w\" sizes=\"(max-width: 700px) 100vw, 700px\" \/><\/figure>\n\n\n\n<p>O\u00f9 croyez-vous par exemple qu&rsquo;il a pris cette barque entre deux eaux ? \u00c0 Coulon. <\/p>\n","protected":false},"excerpt":{"rendered":"<p>Benoit FURET, calligraphe &nbsp; &nbsp; &nbsp; &nbsp; &nbsp; &nbsp; &nbsp; Benoit Furet est un grand artiste, et je ne parle pas l\u00e0 de son &nbsp; &nbsp; &nbsp; &nbsp; &nbsp;impressionnante carrure ou de sa hauteur au garrot, mais de la &nbsp; &nbsp; &nbsp; &nbsp; &nbsp;d\u00e9licatesse de son trait et de la pr\u00e9cision de ses trouvailles. Il &hellip; <a href=\"https:\/\/pascalaussi.fr\/index.php\/limage\/\" class=\"more-link\">Continuer la lecture de <span class=\"screen-reader-text\">l&rsquo;image<\/span><\/a><\/p>\n","protected":false},"author":2,"featured_media":0,"parent":0,"menu_order":0,"comment_status":"closed","ping_status":"closed","template":"","meta":[],"_links":{"self":[{"href":"https:\/\/pascalaussi.fr\/index.php\/wp-json\/wp\/v2\/pages\/2744"}],"collection":[{"href":"https:\/\/pascalaussi.fr\/index.php\/wp-json\/wp\/v2\/pages"}],"about":[{"href":"https:\/\/pascalaussi.fr\/index.php\/wp-json\/wp\/v2\/types\/page"}],"author":[{"embeddable":true,"href":"https:\/\/pascalaussi.fr\/index.php\/wp-json\/wp\/v2\/users\/2"}],"replies":[{"embeddable":true,"href":"https:\/\/pascalaussi.fr\/index.php\/wp-json\/wp\/v2\/comments?post=2744"}],"version-history":[{"count":13,"href":"https:\/\/pascalaussi.fr\/index.php\/wp-json\/wp\/v2\/pages\/2744\/revisions"}],"predecessor-version":[{"id":3428,"href":"https:\/\/pascalaussi.fr\/index.php\/wp-json\/wp\/v2\/pages\/2744\/revisions\/3428"}],"wp:attachment":[{"href":"https:\/\/pascalaussi.fr\/index.php\/wp-json\/wp\/v2\/media?parent=2744"}],"curies":[{"name":"wp","href":"https:\/\/api.w.org\/{rel}","templated":true}]}}