{"id":5295,"date":"2026-05-06T15:04:36","date_gmt":"2026-05-06T13:04:36","guid":{"rendered":"https:\/\/pascalaussi.fr\/?page_id=5295"},"modified":"2026-05-06T22:02:00","modified_gmt":"2026-05-06T20:02:00","slug":"embarquement-immediat","status":"publish","type":"page","link":"https:\/\/pascalaussi.fr\/index.php\/embarquement-immediat\/","title":{"rendered":"Les chansons"},"content":{"rendered":"\n<p class=\"has-text-align-center\">Dans le livre, sept histoires, sept personnes dont le point commun<br>est d\u2019\u00eatre en train d\u2019embarquer, ou r\u00eavant de le faire,<br>chacun dans un bateau particulier :<br><br>un esquif aussi fr\u00eale qu\u2019un sourire<br><strong><a rel=\"noreferrer noopener\" href=\"https:\/\/pascalaussi.fr\/index.php\/balancelle\/\" target=\"_blank\">Balancelle<\/a><\/strong><br>un ferry pris comme une fuite <br><strong><a href=\"https:\/\/pascalaussi.fr\/index.php\/est-ce-partir\/\">Est-ce partir ?<\/a><\/strong><br>une p\u00e9niche qui s\u2019\u00e9loigne <br><strong><a href=\"https:\/\/pascalaussi.fr\/index.php\/flottaison\/\">Barge<\/a><\/strong><br>un ketch l\u00e0-bas dans les \u00eeles <br><strong><a href=\"https:\/\/pascalaussi.fr\/index.php\/talua\/\">Talua<\/a><\/strong><br>un ventre cinglant toutes voiles dehors <br><strong><a href=\"https:\/\/pascalaussi.fr\/index.php\/transat\/\">Transat<\/a><\/strong><br>puis l\u2019absence d\u2019embarcation quand on a \u00e9chou\u00e9<br><strong><a href=\"https:\/\/pascalaussi.fr\/index.php\/robinson\/\">Robinson<\/a><\/strong><br>pendant que dans l\u2019arri\u00e8re pays notre vie suit&#8230;<br><a href=\"https:\/\/pascalaussi.fr\/index.php\/son-cours\/\"><strong>Son cour<\/strong>s<\/a><\/p>\n\n\n\n<p class=\"has-text-align-center\">L&rsquo;id\u00e9e nous est vite venue que chaque personnage avait droit \u00e0 son <br>interpr\u00e8te. Et voil\u00e0 comment, pour une flottille de sept chansons, <br>on se retrouve \u00e0 dix-neuf membres d&rsquo;\u00e9quipage, sans compter <br>nos pr\u00e9cieux guetteurs d&rsquo;\u00e9cran faiseurs de micro-climats.<\/p>\n","protected":false},"excerpt":{"rendered":"<p>Dans le livre, sept histoires, sept personnes dont le point communest d\u2019\u00eatre en train d\u2019embarquer, ou r\u00eavant de le faire,chacun dans un bateau particulier : un esquif aussi fr\u00eale qu\u2019un sourireBalancelleun ferry pris comme une fuite Est-ce partir ?une p\u00e9niche qui s\u2019\u00e9loigne Bargeun ketch l\u00e0-bas dans les \u00eeles Taluaun ventre cinglant toutes voiles dehors Transatpuis &hellip; <a href=\"https:\/\/pascalaussi.fr\/index.php\/embarquement-immediat\/\" class=\"more-link\">Continuer la lecture de <span class=\"screen-reader-text\">Les chansons<\/span><\/a><\/p>\n","protected":false},"author":2,"featured_media":0,"parent":0,"menu_order":0,"comment_status":"closed","ping_status":"closed","template":"","meta":[],"_links":{"self":[{"href":"https:\/\/pascalaussi.fr\/index.php\/wp-json\/wp\/v2\/pages\/5295"}],"collection":[{"href":"https:\/\/pascalaussi.fr\/index.php\/wp-json\/wp\/v2\/pages"}],"about":[{"href":"https:\/\/pascalaussi.fr\/index.php\/wp-json\/wp\/v2\/types\/page"}],"author":[{"embeddable":true,"href":"https:\/\/pascalaussi.fr\/index.php\/wp-json\/wp\/v2\/users\/2"}],"replies":[{"embeddable":true,"href":"https:\/\/pascalaussi.fr\/index.php\/wp-json\/wp\/v2\/comments?post=5295"}],"version-history":[{"count":26,"href":"https:\/\/pascalaussi.fr\/index.php\/wp-json\/wp\/v2\/pages\/5295\/revisions"}],"predecessor-version":[{"id":5349,"href":"https:\/\/pascalaussi.fr\/index.php\/wp-json\/wp\/v2\/pages\/5295\/revisions\/5349"}],"wp:attachment":[{"href":"https:\/\/pascalaussi.fr\/index.php\/wp-json\/wp\/v2\/media?parent=5295"}],"curies":[{"name":"wp","href":"https:\/\/api.w.org\/{rel}","templated":true}]}}