{"id":602,"date":"2017-01-04T14:56:07","date_gmt":"2017-01-04T13:56:07","guid":{"rendered":"http:\/\/pascalaussi.fr\/?page_id=602"},"modified":"2025-11-27T19:22:27","modified_gmt":"2025-11-27T18:22:27","slug":"la-brume-et-la-poussiere","status":"publish","type":"page","link":"https:\/\/pascalaussi.fr\/index.php\/la-brume-et-la-poussiere\/","title":{"rendered":"La brume et la poussi\u00e8re"},"content":{"rendered":"\n<p><\/p>\n\n\n\n<figure class=\"wp-block-audio\"><audio controls src=\"https:\/\/pascalaussi.fr\/wp-content\/uploads\/2025\/11\/05-La-brume-et-la-poussiere.mp3\"><\/audio><\/figure>\n\n\n<p style=\"text-align: center;\"><em>Ainsi, c\u2019est l\u00e0 le coin que l\u2019on a tant cherch\u00e9<br \/>Ce trou, soit dit, n\u2019a rien de la terre promise<br \/><\/em>Les ronces du chemin, le trou de ma chemise<br \/>On n\u2019a pas tous les jours envie de voyager<\/p>\n<p style=\"text-align: center;\"><em>Il nous reste un bon bout \u00e0 battre de campagne<br \/>Et tu veux renoncer \u00e0 notre mine d\u2019or\u00a0!<br \/><\/em>Pour la mine de celle aupr\u00e8s de qui l\u2019on dort<br \/>Sans avoir plus le c\u0153ur \u00e0 changer de compagne<\/p>\n<p style=\"text-align: center;\"><em>Tout ce plaisir \u00e0 se bouger\u00a0?<br \/><\/em>Toujours marcher, toujours marcher<br \/><em>Et les sentiers courus hier\u00a0?<br \/><\/em>La brume et la poussi\u00e8re<br \/><em>Quoi de plus beau que l\u2019horizon\u00a0?<br \/><\/em>Depuis le pas de sa maison<br \/>Lever le pied, passer la main<br \/><em>Reprendre le chemin<\/em><\/p>\n<p style=\"text-align: center;\"><em>N\u2019avions-nous pas parl\u00e9 d\u2019un pays de cocagne<br \/>D\u2019une porte un midi franchie comme un seul homme\u00a0?<br \/><\/em>Une porte et puis l\u2019autre, et c\u2019est tout un slalom<br \/>O\u00f9 en est l\u2019arriv\u00e9e et qui sait ce qu\u2019on gagne\u00a0?<\/p>\n<p style=\"text-align: center;\">Tu salueras pour moi les champs, les monts, les plages<br \/>J\u2019aurais aim\u00e9, c\u2019est vrai, conna\u00eetre d\u2019autres cieux<br \/><em>Les filles par ici ont de bien jolis yeux<br \/>J\u2019aurais aim\u00e9, tu sais, rencontrer mon village<\/em><\/p>\n<p style=\"text-align: center;\">Tout ce plaisir \u00e0 se bouger\u00a0?<br \/><em>Toujours marcher, toujours marcher<br \/><\/em>Et les sentiers courus hier\u00a0?<br \/><em>La brume et la poussi\u00e8re<br \/><\/em>Quoi de plus beau que l\u2019horizon\u00a0?<br \/><em>Depuis le pas de sa maison<br \/>Lever le pied, passer la main<br \/><\/em>Reprendre le chemin<\/p>\n<p style=\"text-align: center;\"><em>On n\u2019a pas tous les jours envie de voyager<br \/>On s\u2019essouffle bien vite \u00e0 toujours changer d\u2019air<br \/><\/em>On se g\u00e8le le c\u0153ur aupr\u00e8s d\u2019un \u00ab\u00a0frigidaire\u00a0\u00bb<br \/>Si tu es par trop seul un jour, viens me chercher<\/p>\n<p style=\"text-align: center;\"><img decoding=\"async\" loading=\"lazy\" class=\"alignnone wp-image-553\" src=\"https:\/\/pascalaussi.fr\/wp-content\/uploads\/2016\/11\/images-1.png\" alt=\"images\" width=\"77\" height=\"82\" \/><\/p>\n<p style=\"text-align: center;\"><em>Paroles : Pascal AUSSI<\/em><br \/><em> Musique : St\u00e9phane DAMBRY<\/em><\/p>","protected":false},"excerpt":{"rendered":"<p>Ainsi, c\u2019est l\u00e0 le coin que l\u2019on a tant cherch\u00e9Ce trou, soit dit, n\u2019a rien de la terre promiseLes ronces du chemin, le trou de ma chemiseOn n\u2019a pas tous les jours envie de voyager Il nous reste un bon bout \u00e0 battre de campagneEt tu veux renoncer \u00e0 notre mine d\u2019or\u00a0!Pour la mine de &hellip; <a href=\"https:\/\/pascalaussi.fr\/index.php\/la-brume-et-la-poussiere\/\" class=\"more-link\">Continuer la lecture de <span class=\"screen-reader-text\">La brume et la poussi\u00e8re<\/span><\/a><\/p>\n","protected":false},"author":2,"featured_media":0,"parent":0,"menu_order":0,"comment_status":"closed","ping_status":"closed","template":"","meta":[],"_links":{"self":[{"href":"https:\/\/pascalaussi.fr\/index.php\/wp-json\/wp\/v2\/pages\/602"}],"collection":[{"href":"https:\/\/pascalaussi.fr\/index.php\/wp-json\/wp\/v2\/pages"}],"about":[{"href":"https:\/\/pascalaussi.fr\/index.php\/wp-json\/wp\/v2\/types\/page"}],"author":[{"embeddable":true,"href":"https:\/\/pascalaussi.fr\/index.php\/wp-json\/wp\/v2\/users\/2"}],"replies":[{"embeddable":true,"href":"https:\/\/pascalaussi.fr\/index.php\/wp-json\/wp\/v2\/comments?post=602"}],"version-history":[{"count":8,"href":"https:\/\/pascalaussi.fr\/index.php\/wp-json\/wp\/v2\/pages\/602\/revisions"}],"predecessor-version":[{"id":4606,"href":"https:\/\/pascalaussi.fr\/index.php\/wp-json\/wp\/v2\/pages\/602\/revisions\/4606"}],"wp:attachment":[{"href":"https:\/\/pascalaussi.fr\/index.php\/wp-json\/wp\/v2\/media?parent=602"}],"curies":[{"name":"wp","href":"https:\/\/api.w.org\/{rel}","templated":true}]}}