{"id":605,"date":"2017-01-04T15:13:06","date_gmt":"2017-01-04T14:13:06","guid":{"rendered":"http:\/\/pascalaussi.fr\/?page_id=605"},"modified":"2020-08-24T19:03:02","modified_gmt":"2020-08-24T17:03:02","slug":"guignol","status":"publish","type":"page","link":"https:\/\/pascalaussi.fr\/index.php\/guignol\/","title":{"rendered":"Guignol"},"content":{"rendered":"<p style=\"text-align: left;\">Marcher tout le long des autos<br>Le Renard tenant dans son dos<br>\u2026 va savoir<\/p>\n<p style=\"text-align: center;\"><em>&nbsp;Mais c\u2019est quoi cette histoire&nbsp;?<\/em><\/p>\n<p style=\"text-align: left;\">Carreau cass\u00e9, traces de boue<br>Le Chat Bott\u00e9 se tient debout<br>Dans le noir<\/p>\n<p style=\"text-align: center;\"><em>Mais c\u2019est quoi cette histoire&nbsp;?<\/em><\/p>\n<p style=\"text-align: right;\">&nbsp;Petit Poucet au bout du fil<br>Tient ses indics<br><em>\u00ab&nbsp;\u2026 quadriller la vill<\/em><em>e<br>les quais, le squar<\/em><em>e\u2026<br>\u2026 Sympathiqu<\/em><em>e<br>de jour, faut pas croir<\/em><em>e\u2026&nbsp;\u00bb<\/em><\/p>\n<p style=\"text-align: center;\"><em>Mais c\u2019est quoi cette histoire&nbsp;?<\/em><\/p>\n<p style=\"text-align: left;\">La Belle au Bois dormait profond<br>Est-ce ainsi que les autres font<br>Tous les soirs&nbsp;?<\/p>\n<p style=\"text-align: center;\"><em>Mais c\u2019est quoi cette histoire&nbsp;?<\/em><\/p>\n<p style=\"text-align: right;\">Le Brigadier frappe trois coups<br>Pauvre Guignol<br><em>\u00ab&nbsp;\u2026 griff\u00e9 dans le cou\u2026<br>\u2026 et le mouchoir\u2026<br>\u2026 la bagnol<\/em><em>e\u2026<br>\u2026 l\u2019\u00e9tui du rasoir\u2026\u00bb<\/em><\/p>\n<p style=\"text-align: center;\"><em>Mais c\u2019est quoi cette histoire&nbsp;?<\/em><\/p>\n<p style=\"text-align: left;\">Barbe Bleue chantonne \u00e0 mi-voix<br>Les mots qu\u2019elle a dits l\u2019autre fois<br>Au parloir<\/p>\n<p style=\"text-align: center;\"><em>Mais c\u2019est quoi cette histoire&nbsp;?<\/em><\/p>\n<p style=\"text-align: center;\"><img decoding=\"async\" loading=\"lazy\" class=\"alignnone wp-image-553\" src=\"https:\/\/pascalaussi.fr\/wp-content\/uploads\/2016\/11\/images-1.png\" alt=\"images\" width=\"77\" height=\"82\"><\/p>\n<p style=\"text-align: center;\"><em>Paroles : Pascal AUSSI<\/em><\/p>\n\n\n<p>\u00c0 noter que ce texte a servi d&rsquo;argument \u00e0 la pi\u00e8ce de musique contemporaine \u00ab\u00a0<em>C&rsquo;est quoi cette histoire ?<\/em>\u00a0\u00bb de \u00c9ric Voegelin,<strong> <\/strong>une <em>fantaisie lyrique<\/em> de 6&rsquo;49 enregistr\u00e9e \u00e0 l&rsquo;automne 2014 \u00e0 Minsk (Bi\u00e9lorussie) avec huit musiciens venant des meilleurs orchestres symphoniques du pays.<\/p>\n\n\n\n<p><\/p>\n","protected":false},"excerpt":{"rendered":"<p>Marcher tout le long des autosLe Renard tenant dans son dos\u2026 va savoir &nbsp;Mais c\u2019est quoi cette histoire&nbsp;? Carreau cass\u00e9, traces de boueLe Chat Bott\u00e9 se tient deboutDans le noir Mais c\u2019est quoi cette histoire&nbsp;? &nbsp;Petit Poucet au bout du filTient ses indics\u00ab&nbsp;\u2026 quadriller la villeles quais, le square\u2026\u2026 Sympathiquede jour, faut pas croire\u2026&nbsp;\u00bb Mais &hellip; <a href=\"https:\/\/pascalaussi.fr\/index.php\/guignol\/\" class=\"more-link\">Continuer la lecture de <span class=\"screen-reader-text\">Guignol<\/span><\/a><\/p>\n","protected":false},"author":2,"featured_media":0,"parent":0,"menu_order":0,"comment_status":"closed","ping_status":"closed","template":"","meta":[],"_links":{"self":[{"href":"https:\/\/pascalaussi.fr\/index.php\/wp-json\/wp\/v2\/pages\/605"}],"collection":[{"href":"https:\/\/pascalaussi.fr\/index.php\/wp-json\/wp\/v2\/pages"}],"about":[{"href":"https:\/\/pascalaussi.fr\/index.php\/wp-json\/wp\/v2\/types\/page"}],"author":[{"embeddable":true,"href":"https:\/\/pascalaussi.fr\/index.php\/wp-json\/wp\/v2\/users\/2"}],"replies":[{"embeddable":true,"href":"https:\/\/pascalaussi.fr\/index.php\/wp-json\/wp\/v2\/comments?post=605"}],"version-history":[{"count":19,"href":"https:\/\/pascalaussi.fr\/index.php\/wp-json\/wp\/v2\/pages\/605\/revisions"}],"predecessor-version":[{"id":2068,"href":"https:\/\/pascalaussi.fr\/index.php\/wp-json\/wp\/v2\/pages\/605\/revisions\/2068"}],"wp:attachment":[{"href":"https:\/\/pascalaussi.fr\/index.php\/wp-json\/wp\/v2\/media?parent=605"}],"curies":[{"name":"wp","href":"https:\/\/api.w.org\/{rel}","templated":true}]}}