{"id":622,"date":"2017-01-04T15:57:06","date_gmt":"2017-01-04T14:57:06","guid":{"rendered":"http:\/\/pascalaussi.fr\/?page_id=622"},"modified":"2023-10-06T19:41:37","modified_gmt":"2023-10-06T17:41:37","slug":"chanson-pour-plus-tard","status":"publish","type":"page","link":"https:\/\/pascalaussi.fr\/index.php\/chanson-pour-plus-tard\/","title":{"rendered":"Chanson pour plus tard"},"content":{"rendered":"<p style=\"text-align: left;\">Six ans et demi, bient\u00f4t sept, bient\u00f4t sept<br \/>Des grandes glissades en chaussettes<br \/>&#8211; Eva, o\u00f9 t\u2019as mis tes chaussons ?<br \/>&#8211; Ppp ! Quelque part dans la maison<\/p>\n<p style=\"text-align: left;\">Des filles m\u2019ont fait tourner la t\u00eate<br \/>Toi, c\u2019est carr\u00e9ment le vertige<br \/>Bien s\u00fbr, je t\u2019ai vu grandir, grande tige<br \/>Mais quand m\u00eame, du 36 fillette\u00a0!<\/p>\n<p style=\"text-align: left;\">&#8211; Avec les copines on fait soir\u00e9e pizza<br \/>&#8211; Tu ne vas pas sortir comme \u00e7\u00e0 !<br \/>&#8211; Papa, tu peux me d\u00e9poser<br \/>Mmm\u00a0! Je te fais un petit baiser<\/p>\n<p style=\"text-align: left;\">Des filles m\u2019ont fait tourner le c\u0153ur<br \/>Toi, c\u2019est carr\u00e9ment la voltige<br \/>Bien s\u00fbr, je t\u2019ai vu grandir, grande tige<br \/>Mais y a un \u00e2ge o\u00f9 \u00e7a fait peur<\/p>\n<p style=\"text-align: left;\">Six mois et demi, bient\u00f4t sept, bient\u00f4t sept<br \/>Encore arrach\u00e9 ta chaussette<br \/>J\u2019ai quelques ann\u00e9es devant moi<br \/>Oh\u00a0! Qui passeront vite je crois<\/p>\n<p style=\"text-align: left;\">Espi\u00e8gle et fragile magie d\u2019un moment<br \/>On ne dira rien \u00e0 ta maman<br \/>Cette chanson dans ma guitare<br \/>Chut\u00a0! C\u2019est un secret pour plus tard<\/p>\n<p style=\"text-align: center;\"><img decoding=\"async\" loading=\"lazy\" class=\"alignnone wp-image-553\" src=\"https:\/\/pascalaussi.fr\/wp-content\/uploads\/2016\/11\/images-1.png\" alt=\"images\" width=\"77\" height=\"82\" \/><\/p>\n<p style=\"text-align: center;\"><em>Paroles et musique : Pascal AUSSI<\/em><\/p>\n\n\n<figure class=\"wp-block-audio\"><audio controls src=\"https:\/\/pascalaussi.fr\/wp-content\/uploads\/2023\/10\/04-Chanson-pour-plus-tard.m4a\"><\/audio><\/figure>\n\n\n\n<p class=\"has-text-align-center\">Maquette de travail <br>Olivier Delgutte : chant<\/p>\n","protected":false},"excerpt":{"rendered":"<p>Six ans et demi, bient\u00f4t sept, bient\u00f4t septDes grandes glissades en chaussettes&#8211; Eva, o\u00f9 t\u2019as mis tes chaussons ?&#8211; Ppp ! Quelque part dans la maison Des filles m\u2019ont fait tourner la t\u00eateToi, c\u2019est carr\u00e9ment le vertigeBien s\u00fbr, je t\u2019ai vu grandir, grande tigeMais quand m\u00eame, du 36 fillette\u00a0! &#8211; Avec les copines on fait &hellip; <a href=\"https:\/\/pascalaussi.fr\/index.php\/chanson-pour-plus-tard\/\" class=\"more-link\">Continuer la lecture de <span class=\"screen-reader-text\">Chanson pour plus tard<\/span><\/a><\/p>\n","protected":false},"author":2,"featured_media":0,"parent":0,"menu_order":0,"comment_status":"closed","ping_status":"closed","template":"","meta":[],"_links":{"self":[{"href":"https:\/\/pascalaussi.fr\/index.php\/wp-json\/wp\/v2\/pages\/622"}],"collection":[{"href":"https:\/\/pascalaussi.fr\/index.php\/wp-json\/wp\/v2\/pages"}],"about":[{"href":"https:\/\/pascalaussi.fr\/index.php\/wp-json\/wp\/v2\/types\/page"}],"author":[{"embeddable":true,"href":"https:\/\/pascalaussi.fr\/index.php\/wp-json\/wp\/v2\/users\/2"}],"replies":[{"embeddable":true,"href":"https:\/\/pascalaussi.fr\/index.php\/wp-json\/wp\/v2\/comments?post=622"}],"version-history":[{"count":11,"href":"https:\/\/pascalaussi.fr\/index.php\/wp-json\/wp\/v2\/pages\/622\/revisions"}],"predecessor-version":[{"id":3123,"href":"https:\/\/pascalaussi.fr\/index.php\/wp-json\/wp\/v2\/pages\/622\/revisions\/3123"}],"wp:attachment":[{"href":"https:\/\/pascalaussi.fr\/index.php\/wp-json\/wp\/v2\/media?parent=622"}],"curies":[{"name":"wp","href":"https:\/\/api.w.org\/{rel}","templated":true}]}}