{"id":645,"date":"2017-01-04T17:14:42","date_gmt":"2017-01-04T16:14:42","guid":{"rendered":"http:\/\/pascalaussi.fr\/?page_id=645"},"modified":"2023-10-08T14:00:04","modified_gmt":"2023-10-08T12:00:04","slug":"douleur-pastel","status":"publish","type":"page","link":"https:\/\/pascalaussi.fr\/index.php\/douleur-pastel\/","title":{"rendered":"Douleur pastel"},"content":{"rendered":"<p style=\"text-align: left;\"><span style=\"vertical-align: inherit;\"><span style=\"vertical-align: inherit;\">De quel haut lignage d&rsquo;Asie <\/span><\/span><br \/><span style=\"vertical-align: inherit;\"><span style=\"vertical-align: inherit;\">Pour avoir le visage ainsi <\/span><\/span><br \/><span style=\"vertical-align: inherit;\"><span style=\"vertical-align: inherit;\">Es-tu le dernier descendant?<\/span><\/span><\/p>\n<p style=\"text-align: left;\"><span style=\"vertical-align: inherit;\"><span style=\"vertical-align: inherit;\">Est-ce que Attila de son cheval <\/span><\/span><br \/><span style=\"vertical-align: inherit;\"><span style=\"vertical-align: inherit;\">Qui t&rsquo;a pi\u00e9tin\u00e9 l&rsquo;enc\u00e9phale<\/span><\/span><br \/><span style=\"vertical-align: inherit;\"><span style=\"vertical-align: inherit;\">Que rien ne veut\u00a0<\/span><span style=\"vertical-align: inherit;\">pousser dedans\u00a0\u00a0<\/span><span style=\"vertical-align: inherit;\">?<\/span><\/span><\/p>\n<p style=\"text-align: left;\"><span style=\"vertical-align: inherit;\">Pourquoi faut-il qu&rsquo;un simple g\u00e8ne <\/span><br \/><span style=\"vertical-align: inherit;\">Devienne une aussi lourde cha\u00eene <\/span><br \/><span style=\"vertical-align: inherit;\">Entravant le moindre des pas ?<\/span><\/p>\n<p style=\"text-align: left;\"><span style=\"vertical-align: inherit;\">\u00c0 quel nombre de chromosomes <\/span><br \/><span style=\"vertical-align: inherit;\">V\u00e9ritablement je suis homme ? <\/span><br \/><span style=\"vertical-align: inherit;\">\u00c0 quel nombre tu ne l&rsquo;es pas ?<\/span><\/p>\n<p style=\"text-align: left;\"><span style=\"vertical-align: inherit;\"><span style=\"vertical-align: inherit;\">Mais \u00e0 te regarder qui dessine<\/span><\/span><br \/><span style=\"vertical-align: inherit;\"><span style=\"vertical-align: inherit;\">Sur la table de la cuisine <\/span><\/span><br \/><span style=\"vertical-align: inherit;\"><span style=\"vertical-align: inherit;\">Je me dis: \u00ab Dans le fond, pas si mal<\/span><\/span><\/p>\n<p style=\"text-align: left;\"><span style=\"vertical-align: inherit;\"><span style=\"vertical-align: inherit;\">Ton bonhomme : le nez, la bouche <\/span><\/span><br \/><span style=\"vertical-align: inherit;\"><span style=\"vertical-align: inherit;\">Les yeux, les mains, les oreilles <\/span><\/span><br \/><span style=\"vertical-align: inherit;\"><span style=\"vertical-align: inherit;\">Tout le monde et personne pareil &#8230; <\/span><\/span><br \/><span style=\"vertical-align: inherit;\"><span style=\"vertical-align: inherit;\">Chacun sa touche \u00bb<\/span><\/span><\/p>\n<p style=\"text-align: left;\"><span style=\"vertical-align: inherit;\"><span style=\"vertical-align: inherit;\"><br \/>P\u00e9riode bleue, fa\u00e7on pastel<\/span><\/span><br \/><span style=\"vertical-align: inherit;\"><span style=\"vertical-align: inherit;\">Ogino qui tient la chandelle <\/span><\/span><br \/><span style=\"vertical-align: inherit;\"><span style=\"vertical-align: inherit;\">Un enfant nous est annonc\u00e9<\/span><\/span><\/p>\n<p style=\"text-align: left;\"><span style=\"vertical-align: inherit;\"><span style=\"vertical-align: inherit;\">Et c&rsquo;est tout un nouvel \u00e9moi <\/span><\/span><br \/><span style=\"vertical-align: inherit;\"><span style=\"vertical-align: inherit;\">Que d&rsquo;admirer de mois en mois <\/span><\/span><br \/><span style=\"vertical-align: inherit;\"><span style=\"vertical-align: inherit;\">Ton \u00e9bauche un peu plus pouss\u00e9e<\/span><\/span><\/p>\n<p style=\"text-align: left;\"><span style=\"vertical-align: inherit;\"><span style=\"vertical-align: inherit;\">Dans le ventre de ta maman<\/span><\/span><br \/><span style=\"vertical-align: inherit;\"><span style=\"vertical-align: inherit;\">Dame Nature a m\u00e9chamment <\/span><\/span><br \/><span style=\"vertical-align: inherit;\"><span style=\"vertical-align: inherit;\">D\u00fb se m\u00e9langer les pinceaux<\/span><\/span><\/p>\n<p style=\"text-align: left;\"><span style=\"vertical-align: inherit;\"><span style=\"vertical-align: inherit;\">Pour qu&rsquo;un aussi beau ciel d&rsquo;azur <\/span><\/span><br \/><span style=\"vertical-align: inherit;\"><span style=\"vertical-align: inherit;\">Se prenne autant d&rsquo;\u00e9claboussures <\/span><\/span><br \/><span style=\"vertical-align: inherit;\"><span style=\"vertical-align: inherit;\">Au jour de la perte des eaux<\/span><\/span><\/p>\n<p style=\"text-align: left;\"><span style=\"vertical-align: inherit;\"><span style=\"vertical-align: inherit;\">Je te regarde qui dessine <\/span><\/span><br \/><span style=\"vertical-align: inherit;\"><span style=\"vertical-align: inherit;\">Sur la table de la cuisine <\/span><\/span><br \/><span style=\"vertical-align: inherit;\"><span style=\"vertical-align: inherit;\">\u00c7a ne fait dans le fond pas si mal<\/span><\/span><\/p>\n<p style=\"text-align: left;\"><span style=\"vertical-align: inherit;\"><span style=\"vertical-align: inherit;\">Au grand tableau qui grouille et bouge <\/span><\/span><br \/><span style=\"vertical-align: inherit;\"><span style=\"vertical-align: inherit;\">Milliards d&rsquo;yeux de tous pays <\/span><\/span><br \/><span style=\"vertical-align: inherit;\"><span style=\"vertical-align: inherit;\">Ton regard de<\/span><span style=\"vertical-align: inherit;\">\u00a0Bouddha \u00e9bahi <\/span><\/span><br \/><span style=\"vertical-align: inherit;\"><span style=\"vertical-align: inherit;\">Chacun sa touche<\/span><\/span><\/p>\n<p style=\"text-align: center;\"><img decoding=\"async\" loading=\"lazy\" class=\"alignnone wp-image-553\" src=\"https:\/\/pascalaussi.fr\/wp-content\/uploads\/2016\/11\/images-1.png\" alt=\"images\" width=\"77\" height=\"82\" \/><\/p>\n<p style=\"text-align: center;\"><em><span style=\"vertical-align: inherit;\"><span style=\"vertical-align: inherit;\">Paroles et musique : Pascal AUSSI<\/span><\/span><\/em><\/p>\n\n\n<figure class=\"wp-block-audio\"><audio controls src=\"https:\/\/pascalaussi.fr\/wp-content\/uploads\/2023\/10\/Douleur-pastel-4.mp3\"><\/audio><\/figure>\n\n\n\n<p class=\"has-text-align-center\">Maquette de travail<br>Olivier Delgutte : chant<\/p>\n","protected":false},"excerpt":{"rendered":"<p>De quel haut lignage d&rsquo;Asie Pour avoir le visage ainsi Es-tu le dernier descendant? Est-ce que Attila de son cheval Qui t&rsquo;a pi\u00e9tin\u00e9 l&rsquo;enc\u00e9phaleQue rien ne veut\u00a0pousser dedans\u00a0\u00a0? Pourquoi faut-il qu&rsquo;un simple g\u00e8ne Devienne une aussi lourde cha\u00eene Entravant le moindre des pas ? \u00c0 quel nombre de chromosomes V\u00e9ritablement je suis homme ? \u00c0 &hellip; <a href=\"https:\/\/pascalaussi.fr\/index.php\/douleur-pastel\/\" class=\"more-link\">Continuer la lecture de <span class=\"screen-reader-text\">Douleur pastel<\/span><\/a><\/p>\n","protected":false},"author":2,"featured_media":0,"parent":0,"menu_order":0,"comment_status":"closed","ping_status":"closed","template":"","meta":[],"_links":{"self":[{"href":"https:\/\/pascalaussi.fr\/index.php\/wp-json\/wp\/v2\/pages\/645"}],"collection":[{"href":"https:\/\/pascalaussi.fr\/index.php\/wp-json\/wp\/v2\/pages"}],"about":[{"href":"https:\/\/pascalaussi.fr\/index.php\/wp-json\/wp\/v2\/types\/page"}],"author":[{"embeddable":true,"href":"https:\/\/pascalaussi.fr\/index.php\/wp-json\/wp\/v2\/users\/2"}],"replies":[{"embeddable":true,"href":"https:\/\/pascalaussi.fr\/index.php\/wp-json\/wp\/v2\/comments?post=645"}],"version-history":[{"count":14,"href":"https:\/\/pascalaussi.fr\/index.php\/wp-json\/wp\/v2\/pages\/645\/revisions"}],"predecessor-version":[{"id":3135,"href":"https:\/\/pascalaussi.fr\/index.php\/wp-json\/wp\/v2\/pages\/645\/revisions\/3135"}],"wp:attachment":[{"href":"https:\/\/pascalaussi.fr\/index.php\/wp-json\/wp\/v2\/media?parent=645"}],"curies":[{"name":"wp","href":"https:\/\/api.w.org\/{rel}","templated":true}]}}

<p style="text-align: left;"><span style="vertical-align: inherit;"><span style="vertical-align: inherit;">De quel haut lignage d&rsquo;Asie </span></span><br /><span style="vertical-align: inherit;"><span style="vertical-align: inherit;">Pour avoir le visage ainsi </span></span><br /><span style="vertical-align: inherit;"><span style="vertical-align: inherit;">Es-tu le dernier descendant?</span></span></p>
<p style="text-align: left;"><span style="vertical-align: inherit;"><span style="vertical-align: inherit;">Est-ce que Attila de son cheval </span></span><br /><span style="vertical-align: inherit;"><span style="vertical-align: inherit;">Qui t&rsquo;a piétiné l&rsquo;encéphale</span></span><br /><span style="vertical-align: inherit;"><span style="vertical-align: inherit;">Que rien ne veut </span><span style="vertical-align: inherit;">pousser dedans  </span><span style="vertical-align: inherit;">?</span></span></p>
<p style="text-align: left;"><span style="vertical-align: inherit;">Pourquoi faut-il qu&rsquo;un simple gène </span><br /><span style="vertical-align: inherit;">Devienne une aussi lourde chaîne </span><br /><span style="vertical-align: inherit;">Entravant le moindre des pas ?</span></p>
<p style="text-align: left;"><span style="vertical-align: inherit;">À quel nombre de chromosomes </span><br /><span style="vertical-align: inherit;">Véritablement je suis homme ? </span><br /><span style="vertical-align: inherit;">À quel nombre tu ne l&rsquo;es pas ?</span></p>
<p style="text-align: left;"><span style="vertical-align: inherit;"><span style="vertical-align: inherit;">Mais à te regarder qui dessine</span></span><br /><span style="vertical-align: inherit;"><span style="vertical-align: inherit;">Sur la table de la cuisine </span></span><br /><span style="vertical-align: inherit;"><span style="vertical-align: inherit;">Je me dis: « Dans le fond, pas si mal</span></span></p>
<p style="text-align: left;"><span style="vertical-align: inherit;"><span style="vertical-align: inherit;">Ton bonhomme : le nez, la bouche </span></span><br /><span style="vertical-align: inherit;"><span style="vertical-align: inherit;">Les yeux, les mains, les oreilles </span></span><br /><span style="vertical-align: inherit;"><span style="vertical-align: inherit;">Tout le monde et personne pareil &#8230; </span></span><br /><span style="vertical-align: inherit;"><span style="vertical-align: inherit;">Chacun sa touche »</span></span></p>
<p style="text-align: left;"><span style="vertical-align: inherit;"><span style="vertical-align: inherit;"><br />Période bleue, façon pastel</span></span><br /><span style="vertical-align: inherit;"><span style="vertical-align: inherit;">Ogino qui tient la chandelle </span></span><br /><span style="vertical-align: inherit;"><span style="vertical-align: inherit;">Un enfant nous est annoncé</span></span></p>
<p style="text-align: left;"><span style="vertical-align: inherit;"><span style="vertical-align: inherit;">Et c&rsquo;est tout un nouvel émoi </span></span><br /><span style="vertical-align: inherit;"><span style="vertical-align: inherit;">Que d&rsquo;admirer de mois en mois </span></span><br /><span style="vertical-align: inherit;"><span style="vertical-align: inherit;">Ton ébauche un peu plus poussée</span></span></p>
<p style="text-align: left;"><span style="vertical-align: inherit;"><span style="vertical-align: inherit;">Dans le ventre de ta maman</span></span><br /><span style="vertical-align: inherit;"><span style="vertical-align: inherit;">Dame Nature a méchamment </span></span><br /><span style="vertical-align: inherit;"><span style="vertical-align: inherit;">Dû se mélanger les pinceaux</span></span></p>
<p style="text-align: left;"><span style="vertical-align: inherit;"><span style="vertical-align: inherit;">Pour qu&rsquo;un aussi beau ciel d&rsquo;azur </span></span><br /><span style="vertical-align: inherit;"><span style="vertical-align: inherit;">Se prenne autant d&rsquo;éclaboussures </span></span><br /><span style="vertical-align: inherit;"><span style="vertical-align: inherit;">Au jour de la perte des eaux</span></span></p>
<p style="text-align: left;"><span style="vertical-align: inherit;"><span style="vertical-align: inherit;">Je te regarde qui dessine </span></span><br /><span style="vertical-align: inherit;"><span style="vertical-align: inherit;">Sur la table de la cuisine </span></span><br /><span style="vertical-align: inherit;"><span style="vertical-align: inherit;">Ça ne fait dans le fond pas si mal</span></span></p>
<p style="text-align: left;"><span style="vertical-align: inherit;"><span style="vertical-align: inherit;">Au grand tableau qui grouille et bouge </span></span><br /><span style="vertical-align: inherit;"><span style="vertical-align: inherit;">Milliards d&rsquo;yeux de tous pays </span></span><br /><span style="vertical-align: inherit;"><span style="vertical-align: inherit;">Ton regard de</span><span style="vertical-align: inherit;"> Bouddha ébahi </span></span><br /><span style="vertical-align: inherit;"><span style="vertical-align: inherit;">Chacun sa touche</span></span></p>
<p style="text-align: center;"><img decoding="async" loading="lazy" class="alignnone wp-image-553" src="https://pascalaussi.fr/wp-content/uploads/2016/11/images-1.png" alt="images" width="77" height="82" /></p>
<p style="text-align: center;"><em><span style="vertical-align: inherit;"><span style="vertical-align: inherit;">Paroles et musique : Pascal AUSSI</span></span></em></p>


<figure class="wp-block-audio"><audio controls src="https://pascalaussi.fr/wp-content/uploads/2023/10/Douleur-pastel-4.mp3"></audio></figure>



<p class="has-text-align-center">Maquette de travail<br>Olivier Delgutte : chant</p>

<p>De quel haut lignage d&rsquo;Asie Pour avoir le visage ainsi Es-tu le dernier descendant? Est-ce que Attila de son cheval Qui t&rsquo;a piétiné l&rsquo;encéphaleQue rien ne veut pousser dedans  ? Pourquoi faut-il qu&rsquo;un simple gène Devienne une aussi lourde chaîne Entravant le moindre des pas ? À quel nombre de chromosomes Véritablement je suis homme ? À &hellip; <a href="https://pascalaussi.fr/index.php/douleur-pastel/" class="more-link">Continuer la lecture de <span class="screen-reader-text">Douleur pastel</span></a></p>
