{"id":696,"date":"2017-01-04T23:51:26","date_gmt":"2017-01-04T22:51:26","guid":{"rendered":"http:\/\/pascalaussi.fr\/?page_id=696"},"modified":"2026-02-04T10:24:00","modified_gmt":"2026-02-04T09:24:00","slug":"son-cours","status":"publish","type":"page","link":"https:\/\/pascalaussi.fr\/index.php\/son-cours\/","title":{"rendered":"Son cours"},"content":{"rendered":"\n<p class=\"has-text-align-center\"><em>Ang\u00e9line Carrion : chant<br>Emmanuel Le Poulichet : piano et arrangement<br>Camille M\u00e9chain : violoncelle<br>Prise de son : Romain Cl\u00e9ment<br>Enregistrement r\u00e9alis\u00e9 le 9 janvier 2026<br>\u00e0 l&rsquo;\u00c9cole Musique et \u00c9quilibre d&rsquo;Orl\u00e9ans (37)<br><\/em><\/p>\n\n\n\n<figure class=\"wp-block-audio\"><audio controls src=\"https:\/\/pascalaussi.fr\/wp-content\/uploads\/2026\/02\/Son-cours-10.mp3\"><\/audio><\/figure>\n\n\n<p style=\"text-align: left;\">Du plus simple ruisseau<br \/>Ou modeste rivi\u00e8re<br \/>Au roulement des eaux<br \/>Du fleuve le plus fier<\/p>\n<p style=\"text-align: left;\">Quel que soit le trajet<br \/>La pente ou le danger<br \/>Chacun sait que son cours<br \/>Est sans retour<\/p>\n<p style=\"text-align: left;\">Qu\u2019on descende en eau sage<br \/>Ou rafting imprudent<br \/>Au bout du paysage<br \/>La mer nous attend<\/p>\n<p>Fichu sens du courant<br \/>Que tr\u00e8s vite on apprend<br \/>C\u2019est parti pour un tour<br \/>Plus ou moins court<\/p>\n<p style=\"text-align: center;\">La source et ses \u00e9clats<br \/>L\u2019eau vive du d\u00e9but<br \/>Quelques plongeons \u00e0 plat<br \/>Et quelques tasses bues<\/p>\n<p style=\"text-align: center;\">L\u2019envie d\u2019ouvrir son lit<br \/>\u00c0 l\u2019affluent joli<br \/>Et partager son cours<br \/>Au fil des jours<\/p>\n<p style=\"text-align: center;\">Turbulence, siphon<br \/>Ou m\u00e9andre assoupi<br \/>On peut toucher le fond<br \/>Se noyer, tant pis\u00a0!<\/p>\n<p style=\"text-align: center;\">Ou longer les saisons<br \/>Aux rives une chanson<br \/>Qui parlerait d\u2019amour<br \/>Et de long cours<\/p>\n<p style=\"text-align: right;\">Du plus simple ruisseau<br \/>Ou modeste rivi\u00e8re<br \/>Au roulement des eaux<br \/>Du fleuve le plus fier<\/p>\n<p style=\"text-align: right;\">Quel que soit le trajet<br \/>La pente ou le danger<br \/>Chacun sait que son cours<br \/>Est sans retour<\/p>\n<p style=\"text-align: right;\">Qu\u2019on descende en eau sage<br \/>Ou rafting imprudent<br \/>Au bout du paysage<br \/>La mer nous attend<\/p>\n<p style=\"text-align: right;\">Secr\u00e8te cargaison<br \/>Le cap sur l\u2019horizon<br \/>Fin du compte \u00e0 rebours<br \/>Tout est si court<\/p>\n<p style=\"text-align: center;\"><img decoding=\"async\" loading=\"lazy\" class=\"alignnone wp-image-553\" src=\"https:\/\/pascalaussi.fr\/wp-content\/uploads\/2016\/11\/images-1.png\" alt=\"images\" width=\"77\" height=\"82\" \/><\/p>\n<p style=\"text-align: center;\"><em>Paroles : Pascal AUSSI<\/em><br \/><em>Musique : Antonin DVORAK<br \/>Danse slave opus 72 n\u00b02<\/em><\/p>","protected":false},"excerpt":{"rendered":"<p>Ang\u00e9line Carrion : chantEmmanuel Le Poulichet : piano et arrangementCamille M\u00e9chain : violoncellePrise de son : Romain Cl\u00e9mentEnregistrement r\u00e9alis\u00e9 le 9 janvier 2026\u00e0 l&rsquo;\u00c9cole Musique et \u00c9quilibre d&rsquo;Orl\u00e9ans (37) Du plus simple ruisseauOu modeste rivi\u00e8reAu roulement des eauxDu fleuve le plus fier Quel que soit le trajetLa pente ou le dangerChacun sait que son coursEst &hellip; <a href=\"https:\/\/pascalaussi.fr\/index.php\/son-cours\/\" class=\"more-link\">Continuer la lecture de <span class=\"screen-reader-text\">Son cours<\/span><\/a><\/p>\n","protected":false},"author":2,"featured_media":0,"parent":0,"menu_order":0,"comment_status":"closed","ping_status":"closed","template":"","meta":[],"_links":{"self":[{"href":"https:\/\/pascalaussi.fr\/index.php\/wp-json\/wp\/v2\/pages\/696"}],"collection":[{"href":"https:\/\/pascalaussi.fr\/index.php\/wp-json\/wp\/v2\/pages"}],"about":[{"href":"https:\/\/pascalaussi.fr\/index.php\/wp-json\/wp\/v2\/types\/page"}],"author":[{"embeddable":true,"href":"https:\/\/pascalaussi.fr\/index.php\/wp-json\/wp\/v2\/users\/2"}],"replies":[{"embeddable":true,"href":"https:\/\/pascalaussi.fr\/index.php\/wp-json\/wp\/v2\/comments?post=696"}],"version-history":[{"count":13,"href":"https:\/\/pascalaussi.fr\/index.php\/wp-json\/wp\/v2\/pages\/696\/revisions"}],"predecessor-version":[{"id":5114,"href":"https:\/\/pascalaussi.fr\/index.php\/wp-json\/wp\/v2\/pages\/696\/revisions\/5114"}],"wp:attachment":[{"href":"https:\/\/pascalaussi.fr\/index.php\/wp-json\/wp\/v2\/media?parent=696"}],"curies":[{"name":"wp","href":"https:\/\/api.w.org\/{rel}","templated":true}]}}