{"id":764,"date":"2017-01-05T11:01:09","date_gmt":"2017-01-05T10:01:09","guid":{"rendered":"http:\/\/pascalaussi.fr\/?page_id=764"},"modified":"2025-11-21T11:58:17","modified_gmt":"2025-11-21T10:58:17","slug":"oe","status":"publish","type":"page","link":"https:\/\/pascalaussi.fr\/index.php\/oe\/","title":{"rendered":"O\u00eb"},"content":{"rendered":"<p style=\"text-align: center;\">Pascal Aussi : chant<br \/>\nAnnick Mestre : chant breton<br \/>\nTony Baker : piano<\/p>\n<!--[if lt IE 9]><script>document.createElement('audio');<\/script><![endif]-->\n<audio class=\"wp-audio-shortcode\" id=\"audio-764-1\" preload=\"none\" style=\"width: 100%;\" controls=\"controls\"><source type=\"audio\/mpeg\" src=\"https:\/\/pascalaussi.fr\/wp-content\/uploads\/2020\/02\/18-Oe\u0308.m4a?_=1\" \/><a href=\"https:\/\/pascalaussi.fr\/wp-content\/uploads\/2020\/02\/18-Oe\u0308.m4a\">https:\/\/pascalaussi.fr\/wp-content\/uploads\/2020\/02\/18-Oe\u0308.m4a<\/a><\/audio>\n<p style=\"text-align: center;\"><em>\u00a0<\/em>Oh\u00e9\u2026 Connais-tu la nouvelle\u00a0?<br \/>\n<em>Selaou an avel<\/em><br \/>\nOh\u00e9\u2026 Connais-tu la nouvelle\u00a0?<br \/>\n<em>Er-maez, an avel<\/em><br \/>\nJe l\u2019ai vue contre sa maman, trois petits kilo de bonheur<\/p>\n<p style=\"text-align: center;\">Oh\u00e9\u2026 Connais-tu la nouvelle\u00a0?<br \/>\n<em>Selaou an avel<\/em><br \/>\nOh\u00e9\u2026 Connais-tu la nouvelle\u00a0?<br \/>\n<em>Er-maez, an avel<br \/>\nAvelaj\u2026 avel-dro\u2026<\/em><br \/>\nEt la gr\u00eale aux carreaux<br \/>\nMalgr\u00e9 le vent qui souffle autour, sa naissance est toute en douceur<\/p>\n<p style=\"text-align: center;\">Oh\u00e9\u2026 Connais-tu la nouvelle\u00a0?<br \/>\n<em>Selaou an avel<\/em><br \/>\nOh\u00e9\u2026 Connais-tu la nouvelle\u00a0?<br \/>\n<em>Er-maez, an avel<\/em><br \/>\nCe mercredi de f\u00e9vrier, la date est not\u00e9e dans mon c\u0153ur<\/p>\n<p style=\"text-align: center;\"><img decoding=\"async\" loading=\"lazy\" class=\"alignnone  wp-image-553\" src=\"https:\/\/pascalaussi.fr\/wp-content\/uploads\/2016\/11\/images-1.png\" alt=\"images\" width=\"77\" height=\"82\" \/><\/p>\n<p style=\"text-align: center;\"><em>Paroles et musique : Pascal AUSSI<\/em><\/p>\n","protected":false},"excerpt":{"rendered":"<p>Pascal Aussi : chant Annick Mestre : chant breton Tony Baker : piano \u00a0Oh\u00e9\u2026 Connais-tu la nouvelle\u00a0? Selaou an avel Oh\u00e9\u2026 Connais-tu la nouvelle\u00a0? Er-maez, an avel Je l\u2019ai vue contre sa maman, trois petits kilo de bonheur Oh\u00e9\u2026 Connais-tu la nouvelle\u00a0? Selaou an avel Oh\u00e9\u2026 Connais-tu la nouvelle\u00a0? Er-maez, an avel Avelaj\u2026 avel-dro\u2026 Et &hellip; <a href=\"https:\/\/pascalaussi.fr\/index.php\/oe\/\" class=\"more-link\">Continuer la lecture de <span class=\"screen-reader-text\">O\u00eb<\/span><\/a><\/p>\n","protected":false},"author":2,"featured_media":0,"parent":0,"menu_order":0,"comment_status":"closed","ping_status":"closed","template":"","meta":[],"_links":{"self":[{"href":"https:\/\/pascalaussi.fr\/index.php\/wp-json\/wp\/v2\/pages\/764"}],"collection":[{"href":"https:\/\/pascalaussi.fr\/index.php\/wp-json\/wp\/v2\/pages"}],"about":[{"href":"https:\/\/pascalaussi.fr\/index.php\/wp-json\/wp\/v2\/types\/page"}],"author":[{"embeddable":true,"href":"https:\/\/pascalaussi.fr\/index.php\/wp-json\/wp\/v2\/users\/2"}],"replies":[{"embeddable":true,"href":"https:\/\/pascalaussi.fr\/index.php\/wp-json\/wp\/v2\/comments?post=764"}],"version-history":[{"count":9,"href":"https:\/\/pascalaussi.fr\/index.php\/wp-json\/wp\/v2\/pages\/764\/revisions"}],"predecessor-version":[{"id":3865,"href":"https:\/\/pascalaussi.fr\/index.php\/wp-json\/wp\/v2\/pages\/764\/revisions\/3865"}],"wp:attachment":[{"href":"https:\/\/pascalaussi.fr\/index.php\/wp-json\/wp\/v2\/media?parent=764"}],"curies":[{"name":"wp","href":"https:\/\/api.w.org\/{rel}","templated":true}]}}