{"id":774,"date":"2017-01-05T11:41:18","date_gmt":"2017-01-05T10:41:18","guid":{"rendered":"http:\/\/pascalaussi.fr\/?page_id=774"},"modified":"2025-11-24T14:53:13","modified_gmt":"2025-11-24T13:53:13","slug":"lheure-de-rester","status":"publish","type":"page","link":"https:\/\/pascalaussi.fr\/index.php\/lheure-de-rester\/","title":{"rendered":"L&rsquo;heure de rester"},"content":{"rendered":"<p style=\"text-align: center;\"><em>Pascal Aussi : chant<\/em><br data-rich-text-line-break=\"true\" \/><em>Tony Baker : piano<\/em><br data-rich-text-line-break=\"true\" \/><em>Michel Saulnier : contrebasse<\/em><br data-rich-text-line-break=\"true\" \/><em>Denis Tarsiguel : guitare et batterie<\/em><\/p>\n<!--[if lt IE 9]><script>document.createElement('audio');<\/script><![endif]-->\n<audio class=\"wp-audio-shortcode\" id=\"audio-774-1\" preload=\"none\" style=\"width: 100%;\" controls=\"controls\"><source type=\"audio\/mpeg\" src=\"https:\/\/pascalaussi.fr\/wp-content\/uploads\/2025\/11\/10-10-L_heure-De-Rester.mp3?_=1\" \/><a href=\"https:\/\/pascalaussi.fr\/wp-content\/uploads\/2025\/11\/10-10-L_heure-De-Rester.mp3\">https:\/\/pascalaussi.fr\/wp-content\/uploads\/2025\/11\/10-10-L_heure-De-Rester.mp3<\/a><\/audio>\n<p style=\"text-align: center;\">Lorsque je quittais l\u2019autre soir<br \/>\nPar le rivage ta maison<br \/>\nUne lune du peu de son bougeoir<br \/>\n\u00c9clairait l\u2019horizon<\/p>\n<p style=\"text-align: center;\">J\u2019\u00e9tais perdu dans ma pens\u00e9e<br \/>\nComme on l\u2019est parfois dans sa vie<br \/>\nQuand tout semble habill\u00e9 de gris fonc\u00e9<br \/>\nQue rien ne fait envie<\/p>\n<p style=\"text-align: center;\">Je devinais dans la p\u00e9nombre<br \/>\nUn petit \u00e9clat de c\u00f4t\u00e9<br \/>\nEst-ce un de ces cailloux sortant du nombre<br \/>\nQu\u2019on aime un temps garder\u00a0?<\/p>\n<p style=\"text-align: center;\">Non, c\u2019est un curieux coquillage<br \/>\nTel un point d\u2019interrogation<br \/>\nQui l\u2019aura pos\u00e9 l\u00e0\u00a0? Et \u00e0 quel \u00e2ge\u00a0?<br \/>\nEt quelle est la question\u00a0?<\/p>\n<p style=\"text-align: center;\">Je le portais \u00e0 mon oreille<br \/>\nJe sais, \u00e7a para\u00eet enfantin<br \/>\nC\u2019\u00e9tait comme \u00e9couter mon c\u0153ur, pareil<br \/>\nQui n\u2019\u00e9tait plus lointain<\/p>\n<p style=\"text-align: center;\">C\u2019\u00e9tait comme entendre une voix<br \/>\nDu fond du temps qui me disait<br \/>\nQu\u2019on ne fait jamais que suivre la voie<br \/>\nQue l\u2019on a commenc\u00e9e<\/p>\n<p style=\"text-align: center;\">Et dans ma songerie profonde<br \/>\nJe n\u2019ai pas vu venir le jour<br \/>\nTout m\u2019appara\u00eet si clair ! Que n\u2019ai-je au fond de<br \/>\nPlus cher que ton amour\u00a0?<\/p>\n<p style=\"text-align: center;\">Et tenant l\u00e0 mon bout d\u2019azur<br \/>\nDu coup je rebroussais chemin<br \/>\nGagnant d\u2019un pas l\u00e9ger notre masure<br \/>\nUn tr\u00e9sor dans ma main<\/p>\n<p style=\"text-align: center;\"><em>Le temps a des choses \u00e0 nous dire<\/em><br \/>\n<em>On ferait bien de l&rsquo;\u00e9couter<\/em><br \/>\n<em>Tant c&rsquo;est moins souvent l&rsquo;heure de partir<\/em><br \/>\n<em>Que celle de rester<\/em><\/p>\n<p style=\"text-align: center;\"><img decoding=\"async\" loading=\"lazy\" class=\"alignnone  wp-image-553\" src=\"https:\/\/pascalaussi.fr\/wp-content\/uploads\/2016\/11\/images-1.png\" alt=\"images\" width=\"77\" height=\"82\" \/><\/p>\n<p style=\"text-align: center;\"><em>Paroles et musique : Pascal AUSSI<\/em><\/p>\n","protected":false},"excerpt":{"rendered":"<p>Pascal Aussi : chantTony Baker : pianoMichel Saulnier : contrebasseDenis Tarsiguel : guitare et batterie Lorsque je quittais l\u2019autre soir Par le rivage ta maison Une lune du peu de son bougeoir \u00c9clairait l\u2019horizon J\u2019\u00e9tais perdu dans ma pens\u00e9e Comme on l\u2019est parfois dans sa vie Quand tout semble habill\u00e9 de gris fonc\u00e9 Que rien &hellip; <a href=\"https:\/\/pascalaussi.fr\/index.php\/lheure-de-rester\/\" class=\"more-link\">Continuer la lecture de <span class=\"screen-reader-text\">L&rsquo;heure de rester<\/span><\/a><\/p>\n","protected":false},"author":2,"featured_media":0,"parent":0,"menu_order":0,"comment_status":"closed","ping_status":"closed","template":"","meta":[],"_links":{"self":[{"href":"https:\/\/pascalaussi.fr\/index.php\/wp-json\/wp\/v2\/pages\/774"}],"collection":[{"href":"https:\/\/pascalaussi.fr\/index.php\/wp-json\/wp\/v2\/pages"}],"about":[{"href":"https:\/\/pascalaussi.fr\/index.php\/wp-json\/wp\/v2\/types\/page"}],"author":[{"embeddable":true,"href":"https:\/\/pascalaussi.fr\/index.php\/wp-json\/wp\/v2\/users\/2"}],"replies":[{"embeddable":true,"href":"https:\/\/pascalaussi.fr\/index.php\/wp-json\/wp\/v2\/comments?post=774"}],"version-history":[{"count":8,"href":"https:\/\/pascalaussi.fr\/index.php\/wp-json\/wp\/v2\/pages\/774\/revisions"}],"predecessor-version":[{"id":4034,"href":"https:\/\/pascalaussi.fr\/index.php\/wp-json\/wp\/v2\/pages\/774\/revisions\/4034"}],"wp:attachment":[{"href":"https:\/\/pascalaussi.fr\/index.php\/wp-json\/wp\/v2\/media?parent=774"}],"curies":[{"name":"wp","href":"https:\/\/api.w.org\/{rel}","templated":true}]}}