{"id":788,"date":"2017-01-05T12:32:36","date_gmt":"2017-01-05T11:32:36","guid":{"rendered":"http:\/\/pascalaussi.fr\/?page_id=788"},"modified":"2026-04-04T16:45:37","modified_gmt":"2026-04-04T14:45:37","slug":"qui-peut-faire-de-la-voile-sans-vent","status":"publish","type":"page","link":"https:\/\/pascalaussi.fr\/index.php\/qui-peut-faire-de-la-voile-sans-vent\/","title":{"rendered":"Qui peut faire de la voile sans vent ?"},"content":{"rendered":"<p style=\"text-align: center;\"><em>Herv\u00e9 Delaiti : chant<\/em><br><em>Olivier Delgutte : piano<\/em><br><em>Yvain Delahousse : viole d&rsquo;amour<\/em><br><em>Etienne : accord\u00e9on diatonique<\/em><\/p>\n<p style=\"text-align: center;\"><em>version prochainement enregistr\u00e9e<br>dont voici <\/em><em>la maquette par Olivier Delgutte<\/em><\/p>\n\n\n<figure class=\"wp-block-audio\"><audio controls src=\"https:\/\/pascalaussi.fr\/wp-content\/uploads\/2026\/04\/Qui-peut-faire-de-la-voile.mp3\"><\/audio><\/figure>\n\n\n\n<p class=\"has-text-align-center\">Qui peut faire de la voile sans vent<br>Qui peut ramer sans rame<br>Et qui peut quitter son ami<br>Sans verser une larme&nbsp;?<\/p>\n\n\n\n<p class=\"has-text-align-center\">Je puis faire de la voile sans vent<br>Je puis ramer sans rame<br>Mais ne puis quitter mon ami<br>Sans verser une larme<\/p>\n\n\n\n<p class=\"has-text-align-center\">Je puis marcher au froid sans gants<br>Rester sourd \u00e0 qui me r\u00e9clame<br>Oublier ma rose ou mon souci<br>Attendre un bateau cent ans<br>Vivre un quotidien sans \u00e2me<br>Mais ne puis perdre mon ami<br>Sans verser de larmes<\/p>\n\n\n\n<p class=\"has-text-align-center\">Je puis faire de la voile sans vent<br>Je puis ramer sans rame<br>Mais ne puis quitter mon ami<br>Sans verser une larme<\/p>\n\n\n\n<p class=\"has-text-align-center\">Non&nbsp;! Ne puis quitter mon ami<br>Sans verser une larme<\/p>\n\n\n<div class=\"wp-block-image\">\n<figure class=\"aligncenter size-full is-resized\"><img decoding=\"async\" loading=\"lazy\" src=\"https:\/\/pascalaussi.fr\/wp-content\/uploads\/2026\/04\/image.png\" alt=\"\" class=\"wp-image-5284\" width=\"97\" height=\"102\"\/><\/figure><\/div>\n\n\n<p class=\"has-text-align-center\"><em>Chant traditionnel de Su\u00e8de<\/em><br><em>Musique additionnelle, paroles revues et ajout\u00e9es : Pascal AUSSI<\/em><\/p>\n","protected":false},"excerpt":{"rendered":"<p>Herv\u00e9 Delaiti : chantOlivier Delgutte : pianoYvain Delahousse : viole d&rsquo;amourEtienne : accord\u00e9on diatonique version prochainement enregistr\u00e9edont voici la maquette par Olivier Delgutte Qui peut faire de la voile sans ventQui peut ramer sans rameEt qui peut quitter son amiSans verser une larme&nbsp;? Je puis faire de la voile sans ventJe puis ramer sans rameMais &hellip; <a href=\"https:\/\/pascalaussi.fr\/index.php\/qui-peut-faire-de-la-voile-sans-vent\/\" class=\"more-link\">Continuer la lecture de <span class=\"screen-reader-text\">Qui peut faire de la voile sans vent ?<\/span><\/a><\/p>\n","protected":false},"author":2,"featured_media":0,"parent":0,"menu_order":0,"comment_status":"closed","ping_status":"closed","template":"","meta":[],"_links":{"self":[{"href":"https:\/\/pascalaussi.fr\/index.php\/wp-json\/wp\/v2\/pages\/788"}],"collection":[{"href":"https:\/\/pascalaussi.fr\/index.php\/wp-json\/wp\/v2\/pages"}],"about":[{"href":"https:\/\/pascalaussi.fr\/index.php\/wp-json\/wp\/v2\/types\/page"}],"author":[{"embeddable":true,"href":"https:\/\/pascalaussi.fr\/index.php\/wp-json\/wp\/v2\/users\/2"}],"replies":[{"embeddable":true,"href":"https:\/\/pascalaussi.fr\/index.php\/wp-json\/wp\/v2\/comments?post=788"}],"version-history":[{"count":23,"href":"https:\/\/pascalaussi.fr\/index.php\/wp-json\/wp\/v2\/pages\/788\/revisions"}],"predecessor-version":[{"id":5289,"href":"https:\/\/pascalaussi.fr\/index.php\/wp-json\/wp\/v2\/pages\/788\/revisions\/5289"}],"wp:attachment":[{"href":"https:\/\/pascalaussi.fr\/index.php\/wp-json\/wp\/v2\/media?parent=788"}],"curies":[{"name":"wp","href":"https:\/\/api.w.org\/{rel}","templated":true}]}}