{"id":803,"date":"2017-01-05T13:38:06","date_gmt":"2017-01-05T12:38:06","guid":{"rendered":"http:\/\/pascalaussi.fr\/?page_id=803"},"modified":"2025-05-07T18:09:46","modified_gmt":"2025-05-07T16:09:46","slug":"les-yeux-dans-les-cieux","status":"publish","type":"page","link":"https:\/\/pascalaussi.fr\/index.php\/les-yeux-dans-les-cieux\/","title":{"rendered":"Ce go\u00fbt du ciel"},"content":{"rendered":"<p style=\"text-align: left;\">J\u2019ai si souvent march\u00e9 les yeux baiss\u00e9s<br \/>M\u2019en voulant de ne pas mieux avancer<br \/>Ne ratant rien de ce que je pouvais laisser tomber<br \/>Recherchant sur mes pas l\u00e0 o\u00f9 j\u2019avais d\u00fb me tromper<\/p>\n<p style=\"text-align: left;\">Il ne faudrait pas vivre au quotidien<br \/>Mais seuls les jours o\u00f9 \u00e0 c\u0153ur \u00e7a nous tient<br \/>\u00ab\u00a0S\u2019\u00e9chiner, s\u2019\u00e9craser, pesant, \u00e9reint\u00e9, plein le dos\u00a0\u00bb<br \/>Nous savons tous combien des fois la vie est un fardeau<\/p>\n<p style=\"text-align: center;\">H\u00e9 ! Le nez en l\u2019air, nom de dieu !<br \/>Me planter les yeux dans les cieux<br \/>Profiter largement du paysage<br \/>Offrir au vent qui passe mon visage\u2026<\/p>\n<p style=\"text-align: left;\">Rappelez-vous ce moine tib\u00e9tain<br \/>\u00c0 presque deux pieds du sol dans Tintin<br \/>\u00ab\u00a0L\u2019esprit sur la mati\u00e8re\u00a0\u00bb ou, dit sans trop de gravit\u00e9<br \/>L\u2019attachement aux choses, il y a moyen de l\u2019\u00e9viter<\/p>\n<p style=\"text-align: left;\">Et, si l\u2019on voit la vie comme un chemin<br \/>\u00c0 quoi bon tout ce bagage \u00e0 la main<br \/>Qui finirait par nous faire croire qu\u2019on est arriv\u00e9<br \/>Que tout est tellement terre \u00e0 terre, y a plus rien \u00e0 r\u00eaver<\/p>\n<p style=\"text-align: center;\">H\u00e9 ! Le nez en l\u2019air, nom de dieu !<br \/>Me planter les yeux dans les cieux<br \/>Et qui sait si l\u2019araign\u00e9e sur sa toile<br \/>Ne couve pas du regard les \u00e9toiles<\/p>\n<p>\u00ab\u00a0Les merveilleux nuages\u00a0\u00bb Baudelaire<br \/>Et Souchon qui nous chante\u00a0: \u00ab\u00a0Saute en l\u2019air\u00a0!\u00a0\u00bb<br \/>Ce go\u00fbt du ciel partout, dans la peinture, au cin\u00e9ma<br \/>Comme une envie de vivre un autrement plus grand format<\/p>\n<p style=\"text-align: left;\">Tu vois les arbres qui sont sur la terre<br \/>Comme ils aspirent \u00e0 leur bouff\u00e9e d\u2019\u00e9ther<br \/>Et nous, beaucoup plus bas, \u00e0 peine un m\u00e8tre quatre-vingt<br \/>Si s\u00fbrs d&rsquo;\u00eatre les rois du monde et cafouillant sans fin<\/p>\n<p style=\"text-align: center;\">H\u00e9 ! Le nez en l&rsquo;air, nom de dieu !<br \/>Me planter les yeux dans les cieux<br \/>Promeneur \u00e9gar\u00e9 dans l&rsquo;existence<br \/>Esquissant tout de m\u00eame un pas de danse<\/p>\n<p style=\"text-align: left;\">J\u2019ai si longtemps march\u00e9 les yeux baiss\u00e9s<\/p>\n<p style=\"text-align: center;\"><img decoding=\"async\" loading=\"lazy\" class=\"alignnone  wp-image-553\" src=\"https:\/\/pascalaussi.fr\/wp-content\/uploads\/2016\/11\/images-1.png\" alt=\"images\" width=\"77\" height=\"82\" \/><\/p>\n<p style=\"text-align: center;\"><em>Paroles : Pascal AUSSI<br \/><\/em><\/p>\n\n\n<p class=\"has-text-align-center\"><\/p>\n","protected":false},"excerpt":{"rendered":"<p>J\u2019ai si souvent march\u00e9 les yeux baiss\u00e9sM\u2019en voulant de ne pas mieux avancerNe ratant rien de ce que je pouvais laisser tomberRecherchant sur mes pas l\u00e0 o\u00f9 j\u2019avais d\u00fb me tromper Il ne faudrait pas vivre au quotidienMais seuls les jours o\u00f9 \u00e0 c\u0153ur \u00e7a nous tient\u00ab\u00a0S\u2019\u00e9chiner, s\u2019\u00e9craser, pesant, \u00e9reint\u00e9, plein le dos\u00a0\u00bbNous savons tous &hellip; <a href=\"https:\/\/pascalaussi.fr\/index.php\/les-yeux-dans-les-cieux\/\" class=\"more-link\">Continuer la lecture de <span class=\"screen-reader-text\">Ce go\u00fbt du ciel<\/span><\/a><\/p>\n","protected":false},"author":2,"featured_media":0,"parent":0,"menu_order":0,"comment_status":"closed","ping_status":"closed","template":"","meta":[],"_links":{"self":[{"href":"https:\/\/pascalaussi.fr\/index.php\/wp-json\/wp\/v2\/pages\/803"}],"collection":[{"href":"https:\/\/pascalaussi.fr\/index.php\/wp-json\/wp\/v2\/pages"}],"about":[{"href":"https:\/\/pascalaussi.fr\/index.php\/wp-json\/wp\/v2\/types\/page"}],"author":[{"embeddable":true,"href":"https:\/\/pascalaussi.fr\/index.php\/wp-json\/wp\/v2\/users\/2"}],"replies":[{"embeddable":true,"href":"https:\/\/pascalaussi.fr\/index.php\/wp-json\/wp\/v2\/comments?post=803"}],"version-history":[{"count":18,"href":"https:\/\/pascalaussi.fr\/index.php\/wp-json\/wp\/v2\/pages\/803\/revisions"}],"predecessor-version":[{"id":3691,"href":"https:\/\/pascalaussi.fr\/index.php\/wp-json\/wp\/v2\/pages\/803\/revisions\/3691"}],"wp:attachment":[{"href":"https:\/\/pascalaussi.fr\/index.php\/wp-json\/wp\/v2\/media?parent=803"}],"curies":[{"name":"wp","href":"https:\/\/api.w.org\/{rel}","templated":true}]}}