{"id":917,"date":"2018-04-06T16:59:46","date_gmt":"2018-04-06T14:59:46","guid":{"rendered":"http:\/\/pascalaussi.fr\/?page_id=917"},"modified":"2023-07-23T15:08:08","modified_gmt":"2023-07-23T13:08:08","slug":"au-depart-optimiste","status":"publish","type":"page","link":"https:\/\/pascalaussi.fr\/index.php\/au-depart-optimiste\/","title":{"rendered":"Au d\u00e9part"},"content":{"rendered":"<p style=\"text-align: left;\"><span style=\"vertical-align: inherit;\"><span style=\"vertical-align: inherit;\"><span style=\"vertical-align: inherit;\"><span style=\"vertical-align: inherit;\"><span style=\"vertical-align: inherit;\"><span style=\"vertical-align: inherit;\"><span style=\"vertical-align: inherit;\"><span style=\"vertical-align: inherit;\">Le soir du Grand Final Ut\u00e9rin\u00a0\u00a0<\/span><\/span><\/span><\/span><\/span><\/span><\/span><\/span><br \/>\n<span style=\"vertical-align: inherit;\"><span style=\"vertical-align: inherit;\"><span style=\"vertical-align: inherit;\"><span style=\"vertical-align: inherit;\"><span style=\"vertical-align: inherit;\"><span style=\"vertical-align: inherit;\"><span style=\"vertical-align: inherit;\"><span style=\"vertical-align: inherit;\">J&rsquo;\u00e9tais bien d\u00e9cid\u00e9 <\/span><\/span><\/span><\/span><\/span><\/span><\/span><\/span><br \/>\n<span style=\"vertical-align: inherit;\"><span style=\"vertical-align: inherit;\"><span style=\"vertical-align: inherit;\"><span style=\"vertical-align: inherit;\"><span style=\"vertical-align: inherit;\"><span style=\"vertical-align: inherit;\"><span style=\"vertical-align: inherit;\"><span style=\"vertical-align: inherit;\">\u00a0Si ce n&rsquo;est \u00e0 l&#8217;emporter\u00a0<\/span><\/span><\/span><\/span><\/span><\/span><\/span><\/span><br \/>\n<span style=\"vertical-align: inherit;\"><span style=\"vertical-align: inherit;\"><span style=\"vertical-align: inherit;\"><span style=\"vertical-align: inherit;\"><span style=\"vertical-align: inherit;\"><span style=\"vertical-align: inherit;\"><span style=\"vertical-align: inherit;\"><span style=\"vertical-align: inherit;\">D&rsquo;au moins faire de mon mieux sur le terrain<\/span><\/span><\/span><\/span><\/span><\/span><\/span><\/span><\/p>\n<p style=\"text-align: left;\"><span style=\"vertical-align: inherit;\"><span style=\"vertical-align: inherit;\"><span style=\"vertical-align: inherit;\"><span style=\"vertical-align: inherit;\"><span style=\"vertical-align: inherit;\"><span style=\"vertical-align: inherit;\"><span style=\"vertical-align: inherit;\"><span style=\"vertical-align: inherit;\">La volont\u00e9, c&rsquo;est la recette <\/span><\/span><\/span><\/span><\/span><\/span><\/span><\/span><br \/>\n<span style=\"vertical-align: inherit;\"><span style=\"vertical-align: inherit;\"><span style=\"vertical-align: inherit;\"><span style=\"vertical-align: inherit;\"><span style=\"vertical-align: inherit;\"><span style=\"vertical-align: inherit;\"><span style=\"vertical-align: inherit;\"><span style=\"vertical-align: inherit;\">Plus un peu de hasard <\/span><\/span><\/span><\/span><\/span><\/span><\/span><\/span><br \/>\n<span style=\"vertical-align: inherit;\"><span style=\"vertical-align: inherit;\"><span style=\"vertical-align: inherit;\"><span style=\"vertical-align: inherit;\"><span style=\"vertical-align: inherit;\"><span style=\"vertical-align: inherit;\"><span style=\"vertical-align: inherit;\"><span style=\"vertical-align: inherit;\">Mon num\u00e9ro de dossard :<\/span><\/span><\/span><\/span><\/span><\/span><\/span><\/span><br \/>\n<span style=\"vertical-align: inherit;\"><span style=\"vertical-align: inherit;\"><span style=\"vertical-align: inherit;\"><span style=\"vertical-align: inherit;\"><span style=\"vertical-align: inherit;\"><span style=\"vertical-align: inherit;\"><span style=\"vertical-align: inherit;\"><span style=\"vertical-align: inherit;\">8 163 907<\/span><\/span><\/span><\/span><\/span><\/span><\/span><\/span><\/p>\n<p style=\"text-align: left;\"><span style=\"vertical-align: inherit;\"><span style=\"vertical-align: inherit;\"><span style=\"vertical-align: inherit;\"><span style=\"vertical-align: inherit;\"><span style=\"vertical-align: inherit;\"><span style=\"vertical-align: inherit;\"><span style=\"vertical-align: inherit;\"><span style=\"vertical-align: inherit;\">Je patiente en faisant les cent pas<br \/>\nQuand soudain, branle-bas de combat<br \/>\nEn un \u00e9clair ce fut la cohue<br \/>\nD&rsquo;une arm\u00e9e se ruant vers l&rsquo;inconnu<br \/>\n<\/span><\/span><\/span><\/span><\/span><\/span><\/span><\/span><\/p>\n<p>Vous attendiez-vous, les gars<br \/>\n\u00c0 des passages aussi d\u00e9licats<br \/>\n<em>Vous attendiez-vous, les gars<\/em><br \/>\nIl y avait ce col \u00e0 franchir<\/p>\n<p>Combien d\u00e9j\u00e0 sont tomb\u00e9s<br \/>\nQuelle chance as-tu d&rsquo;en r\u00e9chapper<br \/>\n<em>Combien d\u00e9j\u00e0 sont tomb\u00e9s<\/em><br \/>\nSi le danger vient \u00e0 surgir<\/p>\n<p>Et comme on est concurrent<br \/>\nHors de question de serrer les rangs<br \/>\n<em>Et comme on est concurrent<\/em><br \/>\nChacun, franc-tireur, doit agir<\/p>\n<p>Lorsque la vie ne tient qu&rsquo;\u00e0 un fil<br \/>\nIl faut se l&rsquo;avouer<br \/>\nEt qu&rsquo;il pleut des coups de fouet<br \/>\nRare est l&rsquo;occasion de se montrer civil<\/p>\n<p>Les beaux scrupules et les grands \u00e9mois<br \/>\nNe sont pas de rigueur<br \/>\nIl n&rsquo;y aura qu&rsquo;un vainqueur<br \/>\nMais alors, je me suis dit, pourquoi pas moi !<\/p>\n<p style=\"text-align: left;\"><span style=\"vertical-align: inherit;\"><span style=\"vertical-align: inherit;\"><span style=\"vertical-align: inherit;\"><span style=\"vertical-align: inherit;\"><span style=\"vertical-align: inherit;\"><span style=\"vertical-align: inherit;\"><span style=\"vertical-align: inherit;\"><span style=\"vertical-align: inherit;\">J&rsquo;ai gagn\u00e9 la ligne d&rsquo;arriv\u00e9e <\/span><\/span><\/span><\/span><\/span><\/span><\/span><\/span><br \/>\n<span style=\"vertical-align: inherit;\"><span style=\"vertical-align: inherit;\"><span style=\"vertical-align: inherit;\"><span style=\"vertical-align: inherit;\"><span style=\"vertical-align: inherit;\"><span style=\"vertical-align: inherit;\"><span style=\"vertical-align: inherit;\"><span style=\"vertical-align: inherit;\">Mieux plac\u00e9 que je l&rsquo;avais r\u00eav\u00e9 <\/span><\/span><\/span><\/span><\/span><\/span><\/span><\/span><br \/>\n<span style=\"vertical-align: inherit;\"><span style=\"vertical-align: inherit;\"><span style=\"vertical-align: inherit;\"><span style=\"vertical-align: inherit;\"><span style=\"vertical-align: inherit;\"><span style=\"vertical-align: inherit;\"><span style=\"vertical-align: inherit;\"><span style=\"vertical-align: inherit;\">Prenant de court tout le peloton <\/span><\/span><\/span><\/span><\/span><\/span><\/span><\/span><br \/>\n<span style=\"vertical-align: inherit;\"><span style=\"vertical-align: inherit;\"><span style=\"vertical-align: inherit;\"><span style=\"vertical-align: inherit;\"><span style=\"vertical-align: inherit;\"><span style=\"vertical-align: inherit;\"><span style=\"vertical-align: inherit;\"><span style=\"vertical-align: inherit;\">Et mon p\u00e8re, et ma m\u00e8re, et allez donc !<\/span><\/span><\/span><\/span><\/span><\/span><\/span><\/span><\/p>\n<p style=\"text-align: left;\"><em><span style=\"vertical-align: inherit;\"><span style=\"vertical-align: inherit;\"><span style=\"vertical-align: inherit;\"><span style=\"vertical-align: inherit;\"><span style=\"vertical-align: inherit;\"><span style=\"vertical-align: inherit;\"><span style=\"vertical-align: inherit;\"><span style=\"vertical-align: inherit;\">Le soir du Grand Final Ut\u00e9rin<\/span><\/span><\/span><\/span><\/span><\/span><\/span><\/span><br \/>\n<\/em><span style=\"vertical-align: inherit;\"><span style=\"vertical-align: inherit;\"><span style=\"vertical-align: inherit;\"><span style=\"vertical-align: inherit;\"><span style=\"vertical-align: inherit;\"><span style=\"vertical-align: inherit;\"><span style=\"vertical-align: inherit;\"><span style=\"vertical-align: inherit;\"> En avant, la jeunesse\u00a0<\/span><\/span><\/span><\/span><\/span><\/span><\/span><\/span><br \/>\n<span style=\"vertical-align: inherit;\"><span style=\"vertical-align: inherit;\"><span style=\"vertical-align: inherit;\"><span style=\"vertical-align: inherit;\"><span style=\"vertical-align: inherit;\"><span style=\"vertical-align: inherit;\"><span style=\"vertical-align: inherit;\"><span style=\"vertical-align: inherit;\">Neuf mois pour qu&rsquo;on se connaisse <\/span><\/span><\/span><\/span><\/span><\/span><\/span><\/span><br \/>\n<em><span style=\"vertical-align: inherit;\"><span style=\"vertical-align: inherit;\"><span style=\"vertical-align: inherit;\"><span style=\"vertical-align: inherit;\"><span style=\"vertical-align: inherit;\"><span style=\"vertical-align: inherit;\"><span style=\"vertical-align: inherit;\"><span style=\"vertical-align: inherit;\">Faire \u00e0 nouveau de ton mieux sur le terrain<\/span><\/span><\/span><\/span><\/span><\/span><\/span><\/span><\/em><\/p>\n<p><em>Fruit d&rsquo;homme, oh, fruit d&rsquo;homme !<br \/>\nComme tu veux, ce que tu vaux<br \/>\nEt cro\u00ees, oui, cro\u00ees, oh, et cro\u00ees comme il faut !<\/em><\/p>\n<p style=\"text-align: center;\"><img decoding=\"async\" loading=\"lazy\" class=\"alignnone wp-image-553 aligncenter\" src=\"https:\/\/pascalaussi.fr\/wp-content\/uploads\/2016\/11\/images-1.png\" alt=\"images\" width=\"77\" height=\"82\" \/><em><span style=\"vertical-align: inherit;\"><span style=\"vertical-align: inherit;\">Paroles\u00a0 : Pascal AUSSI<br \/>\n<\/span><\/span><\/em><em><span style=\"vertical-align: inherit;\"><span style=\"vertical-align: inherit;\">Musique : Pascal AUSSI &amp; Patrick LEROUX<\/span><\/span><br \/>\n<span style=\"vertical-align: inherit;\"><span style=\"vertical-align: inherit;\"><span style=\"vertical-align: inherit;\">\u00a0(les paroles en italique sont chant\u00e9es par un choeur)<\/span><\/span><\/span><\/em><\/p>\n","protected":false},"excerpt":{"rendered":"<p>Le soir du Grand Final Ut\u00e9rin\u00a0\u00a0 J&rsquo;\u00e9tais bien d\u00e9cid\u00e9 \u00a0Si ce n&rsquo;est \u00e0 l&#8217;emporter\u00a0 D&rsquo;au moins faire de mon mieux sur le terrain La volont\u00e9, c&rsquo;est la recette Plus un peu de hasard Mon num\u00e9ro de dossard : 8 163 907 Je patiente en faisant les cent pas Quand soudain, branle-bas de combat En un &hellip; <a href=\"https:\/\/pascalaussi.fr\/index.php\/au-depart-optimiste\/\" class=\"more-link\">Continuer la lecture de <span class=\"screen-reader-text\">Au d\u00e9part<\/span><\/a><\/p>\n","protected":false},"author":2,"featured_media":0,"parent":0,"menu_order":0,"comment_status":"closed","ping_status":"closed","template":"","meta":[],"_links":{"self":[{"href":"https:\/\/pascalaussi.fr\/index.php\/wp-json\/wp\/v2\/pages\/917"}],"collection":[{"href":"https:\/\/pascalaussi.fr\/index.php\/wp-json\/wp\/v2\/pages"}],"about":[{"href":"https:\/\/pascalaussi.fr\/index.php\/wp-json\/wp\/v2\/types\/page"}],"author":[{"embeddable":true,"href":"https:\/\/pascalaussi.fr\/index.php\/wp-json\/wp\/v2\/users\/2"}],"replies":[{"embeddable":true,"href":"https:\/\/pascalaussi.fr\/index.php\/wp-json\/wp\/v2\/comments?post=917"}],"version-history":[{"count":18,"href":"https:\/\/pascalaussi.fr\/index.php\/wp-json\/wp\/v2\/pages\/917\/revisions"}],"predecessor-version":[{"id":2736,"href":"https:\/\/pascalaussi.fr\/index.php\/wp-json\/wp\/v2\/pages\/917\/revisions\/2736"}],"wp:attachment":[{"href":"https:\/\/pascalaussi.fr\/index.php\/wp-json\/wp\/v2\/media?parent=917"}],"curies":[{"name":"wp","href":"https:\/\/api.w.org\/{rel}","templated":true}]}}